CRAN Package Check Results for Package mvhist

Last updated on 2025-02-16 08:50:55 CET.

Flavor Version Tinstall Tcheck Ttotal Status Flags
r-devel-linux-x86_64-debian-clang 1.1 3.99 33.57 37.56 NOTE
r-devel-linux-x86_64-debian-gcc 1.1 3.01 28.56 31.57 NOTE
r-devel-linux-x86_64-fedora-clang 1.1 63.97 OK
r-devel-linux-x86_64-fedora-gcc 1.1 57.11 OK
r-devel-macos-arm64 1.1 22.00 OK
r-devel-macos-x86_64 1.1 38.00 OK
r-devel-windows-x86_64 1.1 7.00 54.00 61.00 NOTE
r-patched-linux-x86_64 1.1 7.69 32.25 39.94 OK
r-release-linux-x86_64 1.1 4.07 32.39 36.46 OK
r-release-macos-arm64 1.1 23.00 OK
r-release-macos-x86_64 1.1 32.00 OK
r-release-windows-x86_64 1.1 6.00 57.00 63.00 OK
r-oldrel-macos-arm64 1.1 115.00 OK
r-oldrel-macos-x86_64 1.1 51.00 OK
r-oldrel-windows-x86_64 1.1 7.00 60.00 67.00 OK

Check Details

Version: 1.1
Check: Rd cross-references
Result: NOTE Found the following Rd file(s) with Rd \link{} targets missing package anchors: mvhist.Rd: mvmesh, SolidRectangle, mvhist, V2Hrep mvhistMisc.Rd: V2Hrep Please provide package anchors for all Rd \link{} targets not in the package itself and the base packages. Flavors: r-devel-linux-x86_64-debian-clang, r-devel-linux-x86_64-debian-gcc, r-devel-windows-x86_64

These binaries (installable software) and packages are in development.
They may not be fully stable and should be used with caution. We make no claims about them.