CRAN Package Check Results for Package mvhist

Last updated on 2025-07-23 05:48:51 CEST.

Flavor Version Tinstall Tcheck Ttotal Status Flags
r-devel-linux-x86_64-debian-clang 1.1 4.10 34.15 38.25 NOTE
r-devel-linux-x86_64-debian-gcc 1.1 3.22 28.50 31.72 NOTE
r-devel-linux-x86_64-fedora-clang 1.1 63.51 OK
r-devel-linux-x86_64-fedora-gcc 1.1 57.29 OK
r-devel-windows-x86_64 1.1 6.00 51.00 57.00 NOTE
r-patched-linux-x86_64 1.1 4.05 32.59 36.64 NOTE
r-release-linux-x86_64 1.1 3.83 34.02 37.85 NOTE
r-release-macos-arm64 1.1 34.00 OK
r-release-macos-x86_64 1.1 37.00 OK
r-release-windows-x86_64 1.1 7.00 54.00 61.00 NOTE
r-oldrel-macos-arm64 1.1 23.00 OK
r-oldrel-macos-x86_64 1.1 32.00 OK
r-oldrel-windows-x86_64 1.1 8.00 60.00 68.00 OK

Check Details

Version: 1.1
Check: Rd cross-references
Result: NOTE Found the following Rd file(s) with Rd \link{} targets missing package anchors: mvhist.Rd: mvmesh, SolidRectangle, mvhist, V2Hrep mvhistMisc.Rd: V2Hrep Please provide package anchors for all Rd \link{} targets not in the package itself and the base packages. Flavors: r-devel-linux-x86_64-debian-clang, r-devel-linux-x86_64-debian-gcc, r-devel-windows-x86_64, r-patched-linux-x86_64, r-release-linux-x86_64, r-release-windows-x86_64

These binaries (installable software) and packages are in development.
They may not be fully stable and should be used with caution. We make no claims about them.