CRAN Package Check Results for Package mvmeta

Last updated on 2025-07-02 03:50:46 CEST.

Flavor Version Tinstall Tcheck Ttotal Status Flags
r-devel-linux-x86_64-debian-clang 1.0.3 4.05 49.19 53.24 NOTE
r-devel-linux-x86_64-debian-gcc 1.0.3 2.67 34.72 37.39 NOTE
r-devel-linux-x86_64-fedora-clang 1.0.3 81.85 OK
r-devel-linux-x86_64-fedora-gcc 1.0.3 76.28 OK
r-devel-windows-x86_64 1.0.3 5.00 76.00 81.00 OK
r-patched-linux-x86_64 OK
r-release-linux-x86_64 1.0.3 3.46 44.18 47.64 OK
r-release-macos-arm64 1.0.3 27.00 OK
r-release-macos-x86_64 1.0.3 42.00 OK
r-release-windows-x86_64 1.0.3 6.00 75.00 81.00 OK
r-oldrel-macos-arm64 1.0.3 24.00 OK
r-oldrel-macos-x86_64 1.0.3 38.00 OK
r-oldrel-windows-x86_64 1.0.3 8.00 88.00 96.00 OK

Check Details

Version: 1.0.3
Check: CRAN incoming feasibility
Result: NOTE Maintainer: ‘Antonio Gasparrini <antonio.gasparrini@lshtm.ac.uk>’ No Authors@R field in DESCRIPTION. Please add one, modifying Authors@R: person(given = "Antonio", family = "Gasparrini", role = c("aut", "cre"), email = "antonio.gasparrini@lshtm.ac.uk") as necessary. Package CITATION file contains call(s) to old-style personList() or as.personList(). Please use c() on person objects instead. Package CITATION file contains call(s) to old-style citEntry(). Please use bibentry() instead. Flavors: r-devel-linux-x86_64-debian-clang, r-devel-linux-x86_64-debian-gcc

These binaries (installable software) and packages are in development.
They may not be fully stable and should be used with caution. We make no claims about them.