Last updated on 2025-05-01 15:49:37 CEST.
Flavor | Version | Tinstall | Tcheck | Ttotal | Status | Flags |
---|---|---|---|---|---|---|
r-devel-linux-x86_64-debian-clang | 2.0.1 | 2.88 | 25.19 | 28.07 | NOTE | |
r-devel-linux-x86_64-debian-gcc | 2.0.1 | 2.30 | 20.15 | 22.45 | NOTE | |
r-devel-linux-x86_64-fedora-clang | 2.0.1 | 43.61 | OK | |||
r-devel-linux-x86_64-fedora-gcc | 2.0.1 | 41.77 | OK | |||
r-devel-windows-x86_64 | 2.0.1 | 7.00 | 59.00 | 66.00 | OK | |
r-patched-linux-x86_64 | 2.0.1 | 3.25 | 24.23 | 27.48 | OK | |
r-release-linux-x86_64 | OK | |||||
r-release-macos-arm64 | 2.0.1 | 24.00 | OK | |||
r-release-macos-x86_64 | 2.0.1 | 36.00 | OK | |||
r-release-windows-x86_64 | 2.0.1 | 7.00 | 63.00 | 70.00 | OK | |
r-oldrel-macos-arm64 | 2.0.1 | 20.00 | OK | |||
r-oldrel-macos-x86_64 | 2.0.1 | 27.00 | OK | |||
r-oldrel-windows-x86_64 | 2.0.1 | 6.00 | 61.00 | 67.00 | OK |
Version: 2.0.1
Check: CRAN incoming feasibility
Result: NOTE
Maintainer: ‘Arthur Allignol <arthur.allignol@gmail.com>’
No Authors@R field in DESCRIPTION.
Please add one, modifying
Authors@R: person(given = "Arthur",
family = "Allignol",
role = c("aut", "cre"),
email = "arthur.allignol@gmail.com")
as necessary.
Package CITATION file contains call(s) to old-style personList() or
as.personList(). Please use c() on person objects instead.
Package CITATION file contains call(s) to old-style citEntry(). Please
use bibentry() instead.
Found the following (possibly) invalid file URI:
URI: /https://cran.r-project.org/web/packages/mvna/index.html
From: README.md
Flavors: r-devel-linux-x86_64-debian-clang, r-devel-linux-x86_64-debian-gcc
These binaries (installable software) and packages are in development.
They may not be fully stable and should be used with caution. We make no claims about them.