Last updated on 2025-05-01 08:52:39 CEST.
Flavor | Version | Tinstall | Tcheck | Ttotal | Status | Flags |
---|---|---|---|---|---|---|
r-devel-linux-x86_64-debian-clang | 1.0-18 | 22.85 | 182.74 | 205.59 | NOTE | |
r-devel-linux-x86_64-debian-gcc | 1.0-18 | 18.63 | 124.69 | 143.32 | OK | |
r-devel-linux-x86_64-fedora-clang | 1.0-18 | 330.48 | OK | |||
r-devel-linux-x86_64-fedora-gcc | 1.0-18 | 343.68 | OK | |||
r-devel-windows-x86_64 | 1.0-18 | 34.00 | 199.00 | 233.00 | OK | |
r-patched-linux-x86_64 | 1.0-18 | 26.50 | 171.63 | 198.13 | OK | |
r-release-linux-x86_64 | OK | |||||
r-release-macos-arm64 | 1.0-18 | 91.00 | OK | |||
r-release-macos-x86_64 | 1.0-18 | 155.00 | OK | |||
r-release-windows-x86_64 | 1.0-18 | 33.00 | 202.00 | 235.00 | OK | |
r-oldrel-macos-arm64 | 1.0-18 | 81.00 | OK | |||
r-oldrel-macos-x86_64 | 1.0-18 | 178.00 | OK | |||
r-oldrel-windows-x86_64 | 1.0-18 | 36.00 | 261.00 | 297.00 | OK |
Version: 1.0-18
Check: examples
Result: NOTE
Examples with CPU (user + system) or elapsed time > 5s
user system elapsed
knight 7.539 0.090 11.775
kahle 3.963 0.374 6.980
rmvp 3.665 0.018 5.133
Flavor: r-devel-linux-x86_64-debian-clang
Version: 1.0-18
Check: examples
Result: NA
user system elapsed
knight 4.911 0.24 6.361
OK
Flavor: r-devel-linux-x86_64-debian-gcc
These binaries (installable software) and packages are in development.
They may not be fully stable and should be used with caution. We make no claims about them.