CRAN Package Check Results for Package mvrsquared

Last updated on 2025-10-24 13:49:43 CEST.

Flavor Version Tinstall Tcheck Ttotal Status Flags
r-devel-linux-x86_64-debian-clang 0.1.5 34.52 71.80 106.32 NOTE
r-devel-linux-x86_64-debian-gcc 0.1.5 22.73 54.23 76.96 NOTE
r-devel-linux-x86_64-fedora-clang 0.1.5 139.00 40.47 179.47 OK
r-devel-linux-x86_64-fedora-gcc 0.1.5 59.00 121.11 180.11 OK
r-devel-windows-x86_64 0.1.5 35.00 100.00 135.00 OK
r-patched-linux-x86_64 0.1.5 32.37 68.46 100.83 OK
r-release-linux-x86_64 0.1.5 33.67 68.80 102.47 OK
r-release-macos-arm64 0.1.5 15.00 46.00 61.00 OK
r-release-macos-x86_64 0.1.5 26.00 71.00 97.00 OK
r-release-windows-x86_64 0.1.5 35.00 101.00 136.00 OK
r-oldrel-macos-arm64 0.1.5 14.00 35.00 49.00 OK
r-oldrel-macos-x86_64 0.1.5 17.00 58.00 75.00 OK
r-oldrel-windows-x86_64 0.1.5 42.00 130.00 172.00 OK

Check Details

Version: 0.1.5
Check: CRAN incoming feasibility
Result: NOTE Maintainer: ‘Tommy Jones <jones.thos.w@gmail.com>’ The Description field contains Jones (2019) <arXiv:1911.11061>. Please refer to arXiv e-prints via their arXiv DOI <doi:10.48550/arXiv.YYMM.NNNNN>. Flavors: r-devel-linux-x86_64-debian-clang, r-devel-linux-x86_64-debian-gcc

These binaries (installable software) and packages are in development.
They may not be fully stable and should be used with caution. We make no claims about them.