Last updated on 2025-11-16 17:49:45 CET.
| Flavor | Version | Tinstall | Tcheck | Ttotal | Status | Flags |
|---|---|---|---|---|---|---|
| r-devel-linux-x86_64-debian-clang | 1.1 | 1.67 | 19.90 | 21.57 | NOTE | |
| r-devel-linux-x86_64-debian-gcc | 1.1 | 1.28 | 17.00 | 18.28 | NOTE | |
| r-devel-linux-x86_64-fedora-clang | 1.1 | 31.94 | OK | |||
| r-devel-linux-x86_64-fedora-gcc | 1.1 | 30.35 | OK | |||
| r-devel-windows-x86_64 | 1.1 | 5.00 | 38.00 | 43.00 | OK | |
| r-patched-linux-x86_64 | 1.1 | 1.65 | 19.01 | 20.66 | OK | |
| r-release-linux-x86_64 | 1.1 | 1.43 | 18.95 | 20.38 | OK | |
| r-release-macos-arm64 | 1.1 | 1.00 | 15.00 | 16.00 | OK | |
| r-release-macos-x86_64 | 1.1 | 2.00 | 24.00 | 26.00 | OK | |
| r-release-windows-x86_64 | 1.1 | 3.00 | 38.00 | 41.00 | OK | |
| r-oldrel-macos-arm64 | 1.1 | 1.00 | 14.00 | 15.00 | OK | |
| r-oldrel-macos-x86_64 | 1.1 | 1.00 | 19.00 | 20.00 | OK | |
| r-oldrel-windows-x86_64 | 1.1 | 3.00 | 45.00 | 48.00 | OK |
Version: 1.1
Check: CRAN incoming feasibility
Result: NOTE
Maintainer: ‘Han Chen <Han.Chen.2@uth.tmc.edu>’
No Authors@R field in DESCRIPTION.
Please add one, modifying
Authors@R: person(given = "Han",
family = "Chen",
role = c("aut", "cre"),
email = "han.chen.2@uth.tmc.edu")
as necessary.
Flavors: r-devel-linux-x86_64-debian-clang, r-devel-linux-x86_64-debian-gcc
These binaries (installable software) and packages are in development.
They may not be fully stable and should be used with caution. We make no claims about them.