CRAN Package Check Results for Package mvtmeta

Last updated on 2025-10-23 17:50:55 CEST.

Flavor Version Tinstall Tcheck Ttotal Status Flags
r-devel-linux-x86_64-debian-clang 1.1 1.74 20.12 21.86 NOTE
r-devel-linux-x86_64-debian-gcc 1.1 1.36 17.15 18.51 NOTE
r-devel-linux-x86_64-fedora-clang 1.1 32.20 OK
r-devel-linux-x86_64-fedora-gcc 1.1 30.37 OK
r-devel-windows-x86_64 1.1 2.00 39.00 41.00 OK
r-patched-linux-x86_64 1.1 1.63 19.05 20.68 OK
r-release-linux-x86_64 1.1 1.61 19.08 20.69 OK
r-release-macos-arm64 1.1 1.00 15.00 16.00 OK
r-release-macos-x86_64 1.1 2.00 24.00 26.00 OK
r-release-windows-x86_64 1.1 2.00 40.00 42.00 OK
r-oldrel-macos-arm64 1.1 1.00 14.00 15.00 OK
r-oldrel-macos-x86_64 1.1 1.00 19.00 20.00 OK
r-oldrel-windows-x86_64 1.1 3.00 45.00 48.00 OK

Check Details

Version: 1.1
Check: CRAN incoming feasibility
Result: NOTE Maintainer: ‘Han Chen <Han.Chen.2@uth.tmc.edu>’ No Authors@R field in DESCRIPTION. Please add one, modifying Authors@R: person(given = "Han", family = "Chen", role = c("aut", "cre"), email = "han.chen.2@uth.tmc.edu") as necessary. Flavors: r-devel-linux-x86_64-debian-clang, r-devel-linux-x86_64-debian-gcc

These binaries (installable software) and packages are in development.
They may not be fully stable and should be used with caution. We make no claims about them.