CRAN Package Check Results for Package mvtsplot

Last updated on 2025-05-01 15:49:37 CEST.

Flavor Version Tinstall Tcheck Ttotal Status Flags
r-devel-linux-x86_64-debian-clang 1.0-5 1.98 18.02 20.00 NOTE
r-devel-linux-x86_64-debian-gcc 1.0-5 1.54 14.73 16.27 NOTE
r-devel-linux-x86_64-fedora-clang 1.0-5 30.79 OK
r-devel-linux-x86_64-fedora-gcc 1.0-5 28.91 OK
r-devel-windows-x86_64 1.0-5 3.00 39.00 42.00 OK
r-patched-linux-x86_64 1.0-5 1.85 16.95 18.80 OK
r-release-linux-x86_64 OK
r-release-macos-arm64 1.0-5 14.00 OK
r-release-macos-x86_64 1.0-5 26.00 OK
r-release-windows-x86_64 1.0-5 3.00 41.00 44.00 OK
r-oldrel-macos-arm64 1.0-5 16.00 OK
r-oldrel-macos-x86_64 1.0-5 33.00 OK
r-oldrel-windows-x86_64 1.0-5 3.00 39.00 42.00 OK

Check Details

Version: 1.0-5
Check: CRAN incoming feasibility
Result: NOTE Maintainer: ‘Roger D. Peng <roger.peng@austin.utexas.edu>’ No Authors@R field in DESCRIPTION. Please add one, modifying Authors@R: person(given = c("Roger", "D."), family = "Peng", role = c("aut", "cre"), email = "roger.peng@austin.utexas.edu") as necessary. Flavors: r-devel-linux-x86_64-debian-clang, r-devel-linux-x86_64-debian-gcc

These binaries (installable software) and packages are in development.
They may not be fully stable and should be used with caution. We make no claims about them.