Last updated on 2025-02-16 08:50:55 CET.
Flavor | Version | Tinstall | Tcheck | Ttotal | Status | Flags |
---|---|---|---|---|---|---|
r-devel-linux-x86_64-debian-clang | 0.0.1 | 10.16 | 70.18 | 80.34 | OK | |
r-devel-linux-x86_64-debian-gcc | 0.0.1 | 8.57 | 57.18 | 65.75 | OK | |
r-devel-linux-x86_64-fedora-clang | 0.0.1 | 124.93 | OK | |||
r-devel-linux-x86_64-fedora-gcc | 0.0.1 | 133.91 | OK | |||
r-devel-macos-arm64 | 0.0.1 | 55.00 | OK | |||
r-devel-macos-x86_64 | 0.0.1 | 113.00 | OK | |||
r-devel-windows-x86_64 | 0.0.1 | 23.00 | 98.00 | 121.00 | OK | |
r-patched-linux-x86_64 | 0.0.1 | 11.13 | 67.71 | 78.84 | OK | |
r-release-linux-x86_64 | 0.0.1 | 10.00 | 68.04 | 78.04 | OK | |
r-release-macos-arm64 | 0.0.1 | 54.00 | NOTE | |||
r-release-macos-x86_64 | 0.0.1 | 87.00 | NOTE | |||
r-release-windows-x86_64 | 0.0.1 | 24.00 | 99.00 | 123.00 | OK | |
r-oldrel-macos-arm64 | 0.0.1 | 62.00 | NOTE | |||
r-oldrel-macos-x86_64 | 0.0.1 | 120.00 | NOTE | |||
r-oldrel-windows-x86_64 | 0.0.1 | 30.00 | 118.00 | 148.00 | OK |
Version: 0.0.1
Check: installed package size
Result: NOTE
installed size is 6.0Mb
sub-directories of 1Mb or more:
data 5.7Mb
Flavors: r-release-macos-arm64, r-release-macos-x86_64, r-oldrel-macos-arm64, r-oldrel-macos-x86_64
These binaries (installable software) and packages are in development.
They may not be fully stable and should be used with caution. We make no claims about them.