Last updated on 2025-10-23 17:50:55 CEST.
| Flavor | Version | Tinstall | Tcheck | Ttotal | Status | Flags |
|---|---|---|---|---|---|---|
| r-devel-linux-x86_64-debian-clang | 1.1.0 | 1.87 | 63.28 | 65.15 | NOTE | |
| r-devel-linux-x86_64-debian-gcc | 1.1.0 | 1.61 | 45.32 | 46.93 | OK | |
| r-devel-linux-x86_64-fedora-clang | 1.1.0 | 93.46 | OK | |||
| r-devel-linux-x86_64-fedora-gcc | 1.1.0 | 104.03 | OK | |||
| r-devel-windows-x86_64 | 1.1.0 | 3.00 | 73.00 | 76.00 | OK | |
| r-patched-linux-x86_64 | 1.1.0 | 2.12 | 55.61 | 57.73 | OK | |
| r-release-linux-x86_64 | 1.1.0 | 1.96 | 56.10 | 58.06 | OK | |
| r-release-macos-arm64 | 1.1.0 | 1.00 | 37.00 | 38.00 | OK | |
| r-release-macos-x86_64 | 1.1.0 | 2.00 | 68.00 | 70.00 | OK | |
| r-release-windows-x86_64 | 1.1.0 | 4.00 | 74.00 | 78.00 | OK | |
| r-oldrel-macos-arm64 | 1.1.0 | 1.00 | 36.00 | 37.00 | OK | |
| r-oldrel-macos-x86_64 | 1.1.0 | 2.00 | 61.00 | 63.00 | OK | |
| r-oldrel-windows-x86_64 | 1.1.0 | 4.00 | 89.00 | 93.00 | OK |
Version: 1.1.0
Check: HTML version of manual
Result: NOTE
Found the following HTML validation problems:
ContrastsGOLD.html:50:1 (ContrastsGOLD.Rd:12): Warning: missing </ul> before </div>
time_delay_embed.html:58:1 (time_delay_embed.Rd:16): Warning: missing </ul> before </div>
Flavor: r-devel-linux-x86_64-debian-clang
These binaries (installable software) and packages are in development.
They may not be fully stable and should be used with caution. We make no claims about them.