CRAN Package Check Results for Package mxsem

Last updated on 2025-05-08 04:52:12 CEST.

Flavor Version Tinstall Tcheck Ttotal Status Flags
r-devel-linux-x86_64-debian-clang 0.1.0 71.90 144.84 216.74 NOTE
r-devel-linux-x86_64-debian-gcc 0.1.0 45.87 99.32 145.19 NOTE
r-devel-linux-x86_64-fedora-clang 0.1.0 398.95 NOTE
r-devel-linux-x86_64-fedora-gcc 0.1.0 387.46 NOTE
r-devel-windows-x86_64 0.1.0 88.00 156.00 244.00 NOTE
r-patched-linux-x86_64 0.1.0 67.38 131.88 199.26 NOTE
r-release-linux-x86_64 0.1.0 64.35 132.25 196.60 NOTE
r-release-macos-arm64 0.1.0 84.00 NOTE
r-release-macos-x86_64 0.1.0 136.00 NOTE
r-release-windows-x86_64 0.1.0 88.00 154.00 242.00 NOTE
r-oldrel-macos-arm64 0.1.0 92.00 OK
r-oldrel-macos-x86_64 0.1.0 203.00 OK
r-oldrel-windows-x86_64 0.1.0 101.00 191.00 292.00 OK

Check Details

Version: 0.1.0
Check: DESCRIPTION meta-information
Result: NOTE Missing dependency on R >= 4.2.0 because package code uses the pipe placeholder syntax added in R 4.2.0. File(s) using such syntax: ‘get_individual_algebra_results.R’ Flavors: r-devel-linux-x86_64-debian-clang, r-devel-linux-x86_64-debian-gcc, r-devel-linux-x86_64-fedora-clang, r-devel-linux-x86_64-fedora-gcc, r-devel-windows-x86_64, r-patched-linux-x86_64, r-release-linux-x86_64, r-release-macos-arm64, r-release-macos-x86_64, r-release-windows-x86_64

These binaries (installable software) and packages are in development.
They may not be fully stable and should be used with caution. We make no claims about them.