CRAN Package Check Results for Package mxsem

Last updated on 2025-10-23 21:51:34 CEST.

Flavor Version Tinstall Tcheck Ttotal Status Flags
r-devel-linux-x86_64-debian-clang 0.1.0 72.67 121.81 194.48 NOTE
r-devel-linux-x86_64-debian-gcc 0.1.0 43.82 84.13 127.95 NOTE
r-devel-linux-x86_64-fedora-clang 0.1.0 205.00 143.27 348.27 NOTE
r-devel-linux-x86_64-fedora-gcc 0.1.0 127.00 180.70 307.70 NOTE
r-devel-windows-x86_64 0.1.0 100.00 130.00 230.00 NOTE
r-patched-linux-x86_64 0.1.0 69.82 115.74 185.56 NOTE
r-release-linux-x86_64 0.1.0 67.76 109.77 177.53 NOTE
r-release-macos-arm64 0.1.0 27.00 57.00 84.00 NOTE
r-release-macos-x86_64 0.1.0 27.00 109.00 136.00 NOTE
r-release-windows-x86_64 0.1.0 92.00 137.00 229.00 NOTE
r-oldrel-macos-arm64 0.1.0 26.00 66.00 92.00 OK
r-oldrel-macos-x86_64 0.1.0 31.00 172.00 203.00 OK
r-oldrel-windows-x86_64 0.1.0 104.00 195.00 299.00 OK

Check Details

Version: 0.1.0
Check: DESCRIPTION meta-information
Result: NOTE Missing dependency on R >= 4.2.0 because package code uses the pipe placeholder syntax added in R 4.2.0. File(s) using such syntax: ‘get_individual_algebra_results.R’ Flavors: r-devel-linux-x86_64-debian-clang, r-devel-linux-x86_64-debian-gcc, r-devel-linux-x86_64-fedora-clang, r-devel-linux-x86_64-fedora-gcc, r-devel-windows-x86_64, r-patched-linux-x86_64, r-release-linux-x86_64, r-release-macos-arm64, r-release-macos-x86_64, r-release-windows-x86_64

These binaries (installable software) and packages are in development.
They may not be fully stable and should be used with caution. We make no claims about them.