CRAN Package Check Results for Package myClim

Last updated on 2025-10-03 05:53:40 CEST.

Flavor Version Tinstall Tcheck Ttotal Status Flags
r-devel-linux-x86_64-debian-clang 1.4.0 10.54 420.65 431.19 OK
r-devel-linux-x86_64-debian-gcc 1.5.0 7.63 334.11 341.74 OK
r-devel-linux-x86_64-fedora-clang 1.5.0 625.76 OK
r-devel-linux-x86_64-fedora-gcc 1.5.0 404.07 OK
r-devel-windows-x86_64 1.5.0 14.00 475.00 489.00 OK
r-patched-linux-x86_64 1.5.0 11.36 415.76 427.12 OK
r-release-linux-x86_64 1.4.0 8.78 399.37 408.15 OK
r-release-macos-arm64 1.4.0 228.00 OK
r-release-macos-x86_64 1.5.0 443.00 OK
r-release-windows-x86_64 1.5.0 13.00 440.00 453.00 OK
r-oldrel-macos-arm64 1.4.0 173.00 NOTE
r-oldrel-macos-x86_64 1.5.0 445.00 NOTE
r-oldrel-windows-x86_64 1.5.0 14.00 485.00 499.00 NOTE

Check Details

Version: 1.4.0
Check: package dependencies
Result: NOTE Package suggested but not available for checking: ‘rTubeDB’ Flavor: r-oldrel-macos-arm64

Version: 1.4.0
Check: Rd cross-references
Result: NOTE Package unavailable to check Rd xrefs: ‘rTubeDB’ Flavor: r-oldrel-macos-arm64

Version: 1.5.0
Check: package dependencies
Result: NOTE Package suggested but not available for checking: ‘rTubeDB’ Flavors: r-oldrel-macos-x86_64, r-oldrel-windows-x86_64

Version: 1.5.0
Check: Rd cross-references
Result: NOTE Package unavailable to check Rd xrefs: ‘rTubeDB’ Flavors: r-oldrel-macos-x86_64, r-oldrel-windows-x86_64

These binaries (installable software) and packages are in development.
They may not be fully stable and should be used with caution. We make no claims about them.