CRAN Package Check Results for Package mycor

Last updated on 2025-02-16 08:50:55 CET.

Flavor Version Tinstall Tcheck Ttotal Status Flags
r-devel-linux-x86_64-debian-clang 0.1.1 1.93 23.57 25.50 OK
r-devel-linux-x86_64-debian-gcc 0.1.1 1.63 18.93 20.56 OK
r-devel-linux-x86_64-fedora-clang 0.1.1 43.49 OK
r-devel-linux-x86_64-fedora-gcc 0.1.1 64.25 OK
r-devel-macos-arm64 0.1.1 28.00 OK
r-devel-macos-x86_64 0.1.1 60.00 OK
r-devel-windows-x86_64 0.1.1 3.00 55.00 58.00 OK
r-patched-linux-x86_64 0.1.1 1.83 23.05 24.88 NOTE
r-release-linux-x86_64 0.1.1 1.99 22.97 24.96 NOTE
r-release-macos-arm64 0.1.1 28.00 NOTE
r-release-macos-x86_64 0.1.1 61.00 NOTE
r-release-windows-x86_64 0.1.1 4.00 50.00 54.00 NOTE
r-oldrel-macos-arm64 0.1.1 26.00 NOTE
r-oldrel-macos-x86_64 0.1.1 35.00 NOTE
r-oldrel-windows-x86_64 0.1.1 6.00 57.00 63.00 NOTE

Check Details

Version: 0.1.1
Check: LazyData
Result: NOTE 'LazyData' is specified without a 'data' directory Flavors: r-patched-linux-x86_64, r-release-linux-x86_64, r-release-macos-arm64, r-release-macos-x86_64, r-release-windows-x86_64, r-oldrel-macos-arm64, r-oldrel-macos-x86_64, r-oldrel-windows-x86_64

These binaries (installable software) and packages are in development.
They may not be fully stable and should be used with caution. We make no claims about them.