Last updated on 2025-02-16 08:50:55 CET.
Flavor | Version | Tinstall | Tcheck | Ttotal | Status | Flags |
---|---|---|---|---|---|---|
r-devel-linux-x86_64-debian-clang | 1.4.0 | 17.53 | 66.21 | 83.74 | NOTE | |
r-devel-linux-x86_64-debian-gcc | 1.4.0 | 10.71 | 43.76 | 54.47 | NOTE | |
r-devel-linux-x86_64-fedora-clang | 1.4.0 | 138.90 | NOTE | |||
r-devel-linux-x86_64-fedora-gcc | 1.4.0 | 141.12 | NOTE | |||
r-devel-macos-arm64 | 1.4.0 | 37.00 | NOTE | |||
r-devel-macos-x86_64 | 1.4.0 | 124.00 | NOTE | |||
r-devel-windows-x86_64 | 1.4.0 | 15.00 | 88.00 | 103.00 | NOTE | |
r-patched-linux-x86_64 | 1.4.0 | 15.15 | 61.09 | 76.24 | NOTE | |
r-release-linux-x86_64 | 1.4.0 | 15.72 | 61.62 | 77.34 | NOTE | |
r-release-macos-arm64 | 1.4.0 | 39.00 | NOTE | |||
r-release-macos-x86_64 | 1.4.0 | 62.00 | NOTE | |||
r-release-windows-x86_64 | 1.4.0 | 16.00 | 83.00 | 99.00 | NOTE | |
r-oldrel-macos-arm64 | 1.4.0 | 53.00 | OK | |||
r-oldrel-macos-x86_64 | 1.4.0 | 118.00 | OK | |||
r-oldrel-windows-x86_64 | 1.4.0 | 21.00 | 93.00 | 114.00 | OK |
Version: 1.4.0
Check: Rd files
Result: NOTE
checkRd: (-1) mzipmed_data.Rd:22: Lost braces; missing escapes or markup?
22 | @source {Simulated to serve as an example}
| ^
Flavors: r-devel-linux-x86_64-debian-clang, r-devel-linux-x86_64-debian-gcc, r-devel-linux-x86_64-fedora-clang, r-devel-linux-x86_64-fedora-gcc, r-devel-macos-arm64, r-devel-macos-x86_64, r-devel-windows-x86_64, r-patched-linux-x86_64, r-release-linux-x86_64, r-release-macos-arm64, r-release-macos-x86_64, r-release-windows-x86_64
These binaries (installable software) and packages are in development.
They may not be fully stable and should be used with caution. We make no claims about them.