CRAN Package Check Results for Package nFunNN

Last updated on 2025-07-22 19:51:54 CEST.

Flavor Version Tinstall Tcheck Ttotal Status Flags
r-devel-linux-x86_64-debian-clang 1.0 1.83 21.58 23.41 OK
r-devel-linux-x86_64-debian-gcc 1.0 1.48 17.75 19.23 OK
r-devel-linux-x86_64-fedora-clang 1.0 38.76 NOTE
r-devel-linux-x86_64-fedora-gcc 1.0 34.77 NOTE
r-devel-windows-x86_64 1.0 3.00 42.00 45.00 OK
r-patched-linux-x86_64 1.0 1.82 19.94 21.76 OK
r-release-linux-x86_64 1.0 1.66 20.52 22.18 OK
r-release-macos-arm64 1.0 21.00 OK
r-release-macos-x86_64 1.0 25.00 OK
r-release-windows-x86_64 1.0 3.00 43.00 46.00 OK
r-oldrel-macos-arm64 1.0 16.00 OK
r-oldrel-macos-x86_64 1.0 21.00 OK
r-oldrel-windows-x86_64 1.0 4.00 49.00 53.00 OK

Check Details

Version: 1.0
Check: dependencies in R code
Result: NOTE Namespace in Imports field not imported from: ‘stats’ All declared Imports should be used. Flavors: r-devel-linux-x86_64-fedora-clang, r-devel-linux-x86_64-fedora-gcc

These binaries (installable software) and packages are in development.
They may not be fully stable and should be used with caution. We make no claims about them.