Last updated on 2025-02-16 08:50:55 CET.
Flavor | Version | Tinstall | Tcheck | Ttotal | Status | Flags |
---|---|---|---|---|---|---|
r-devel-linux-x86_64-debian-clang | 0.3.1 | 2.03 | 23.14 | 25.17 | NOTE | |
r-devel-linux-x86_64-debian-gcc | 0.3.1 | 1.53 | 19.13 | 20.66 | NOTE | |
r-devel-linux-x86_64-fedora-clang | 0.3.1 | 40.54 | NOTE | |||
r-devel-linux-x86_64-fedora-gcc | 0.3.1 | 38.85 | NOTE | |||
r-devel-macos-arm64 | 0.3.1 | 16.00 | NOTE | |||
r-devel-macos-x86_64 | 0.3.1 | 30.00 | NOTE | |||
r-devel-windows-x86_64 | 0.3.1 | 3.00 | 48.00 | 51.00 | NOTE | |
r-patched-linux-x86_64 | 0.3.1 | 2.14 | 22.20 | 24.34 | NOTE | |
r-release-linux-x86_64 | 0.3.1 | 1.76 | 22.13 | 23.89 | NOTE | |
r-release-macos-arm64 | 0.3.1 | 17.00 | NOTE | |||
r-release-macos-x86_64 | 0.3.1 | 23.00 | NOTE | |||
r-release-windows-x86_64 | 0.3.1 | 3.00 | 49.00 | 52.00 | NOTE | |
r-oldrel-macos-arm64 | 0.3.1 | 19.00 | NOTE | |||
r-oldrel-macos-x86_64 | 0.3.1 | 23.00 | NOTE | |||
r-oldrel-windows-x86_64 | 0.3.1 | 3.00 | 61.00 | 64.00 | NOTE |
Version: 0.3.1
Check: package subdirectories
Result: NOTE
Problems with news in ‘NEWS.md’:
Cannot extract version info from the following section titles:
Version (2018-01-22)
Version (2017-08-22)
Version
Flavors: r-devel-linux-x86_64-debian-clang, r-devel-linux-x86_64-debian-gcc, r-devel-linux-x86_64-fedora-clang, r-devel-linux-x86_64-fedora-gcc, r-devel-macos-arm64, r-devel-macos-x86_64, r-devel-windows-x86_64, r-patched-linux-x86_64, r-release-linux-x86_64, r-release-macos-arm64, r-release-macos-x86_64, r-release-windows-x86_64, r-oldrel-macos-arm64, r-oldrel-macos-x86_64, r-oldrel-windows-x86_64
Version: 0.3.1
Check: LazyData
Result: NOTE
'LazyData' is specified without a 'data' directory
Flavors: r-patched-linux-x86_64, r-release-linux-x86_64, r-release-macos-arm64, r-release-macos-x86_64, r-release-windows-x86_64, r-oldrel-macos-arm64, r-oldrel-macos-x86_64, r-oldrel-windows-x86_64
These binaries (installable software) and packages are in development.
They may not be fully stable and should be used with caution. We make no claims about them.