Last updated on 2025-10-23 11:50:20 CEST.
Flavor | Version | Tinstall | Tcheck | Ttotal | Status | Flags |
---|---|---|---|---|---|---|
r-devel-linux-x86_64-debian-clang | 3.1.1 | 5.03 | 155.46 | 160.49 | NOTE | |
r-devel-linux-x86_64-debian-gcc | 3.1.1 | 3.37 | 135.84 | 139.21 | OK | |
r-devel-linux-x86_64-fedora-clang | 3.1.1 | 14.00 | 177.53 | 191.53 | OK | |
r-devel-linux-x86_64-fedora-gcc | 3.1.1 | 10.00 | 150.02 | 160.02 | OK | |
r-devel-windows-x86_64 | 3.1.1 | 5.00 | 114.00 | 119.00 | OK | |
r-patched-linux-x86_64 | 3.1.1 | 4.74 | 144.36 | 149.10 | OK | |
r-release-linux-x86_64 | 3.1.1 | 4.54 | 147.63 | 152.17 | OK | |
r-release-macos-arm64 | 3.1.1 | 2.00 | 58.00 | 60.00 | OK | |
r-release-macos-x86_64 | 3.1.1 | 5.00 | 127.00 | 132.00 | OK | |
r-release-windows-x86_64 | 3.1.1 | 6.00 | 113.00 | 119.00 | OK | |
r-oldrel-macos-arm64 | 3.1.1 | 3.00 | 57.00 | 60.00 | OK | |
r-oldrel-macos-x86_64 | 3.1.1 | 4.00 | 190.00 | 194.00 | OK | |
r-oldrel-windows-x86_64 | 3.1.1 | 6.00 | 134.00 | 140.00 | OK |
Version: 3.1.1
Check: HTML version of manual
Result: NOTE
Found the following HTML validation problems:
write_naaccr.html:67:1 (write_naaccr.Rd:22): Warning: missing </ul> before </div>
write_naaccr_xml.html:86:1 (write_naaccr_xml.Rd:38): Warning: missing </ul> before </div>
Flavor: r-devel-linux-x86_64-debian-clang
These binaries (installable software) and packages are in development.
They may not be fully stable and should be used with caution. We make no claims about them.