Last updated on 2025-02-16 08:50:55 CET.
Flavor | Version | Tinstall | Tcheck | Ttotal | Status | Flags |
---|---|---|---|---|---|---|
r-devel-linux-x86_64-debian-clang | 0.5.0 | 45.32 | 29.56 | 74.88 | OK | |
r-devel-linux-x86_64-debian-gcc | 0.5.0 | 34.11 | 23.69 | 57.80 | OK | |
r-devel-linux-x86_64-fedora-clang | 0.5.0 | 138.06 | OK | |||
r-devel-linux-x86_64-fedora-gcc | 0.5.0 | 147.21 | OK | |||
r-devel-macos-arm64 | 0.5.0 | 38.00 | OK | |||
r-devel-macos-x86_64 | 0.5.0 | 50.00 | OK | |||
r-devel-windows-x86_64 | 0.5.0 | 51.00 | 74.00 | 125.00 | OK | |
r-patched-linux-x86_64 | 0.5.0 | 49.58 | 28.96 | 78.54 | OK | |
r-release-linux-x86_64 | 0.5.0 | 48.92 | 28.97 | 77.89 | OK | |
r-release-macos-arm64 | 0.5.0 | 49.00 | NOTE | |||
r-release-macos-x86_64 | 0.5.0 | 51.00 | NOTE | |||
r-release-windows-x86_64 | 0.5.0 | 51.00 | 79.00 | 130.00 | OK | |
r-oldrel-macos-arm64 | 0.5.0 | 45.00 | NOTE | |||
r-oldrel-macos-x86_64 | 0.5.0 | 66.00 | NOTE | |||
r-oldrel-windows-x86_64 | 0.5.0 | 64.00 | 95.00 | 159.00 | OK |
Version: 0.5.0
Check: installed package size
Result: NOTE
installed size is 9.0Mb
sub-directories of 1Mb or more:
libs 8.9Mb
Flavors: r-release-macos-arm64, r-release-macos-x86_64, r-oldrel-macos-arm64, r-oldrel-macos-x86_64
These binaries (installable software) and packages are in development.
They may not be fully stable and should be used with caution. We make no claims about them.