Last updated on 2025-10-03 17:48:40 CEST.
Flavor | Version | Tinstall | Tcheck | Ttotal | Status | Flags |
---|---|---|---|---|---|---|
r-devel-linux-x86_64-debian-clang | 2.18.0 | 23.85 | 78.36 | 102.21 | OK | |
r-devel-linux-x86_64-debian-gcc | 2.18.0 | 15.29 | 56.66 | 71.95 | OK | |
r-devel-linux-x86_64-fedora-clang | 2.18.0 | 175.19 | OK | |||
r-devel-linux-x86_64-fedora-gcc | 2.18.0 | 157.09 | OK | |||
r-devel-windows-x86_64 | 2.18.0 | 34.00 | 102.00 | 136.00 | OK | |
r-patched-linux-x86_64 | 2.18.0 | 22.95 | 73.47 | 96.42 | OK | |
r-release-linux-x86_64 | 2.18.0 | 20.16 | 72.98 | 93.14 | OK | |
r-release-macos-arm64 | 2.18.0 | 49.00 | OK | |||
r-release-macos-x86_64 | 2.18.0 | 83.00 | OK | |||
r-release-windows-x86_64 | 2.18.0 | 34.00 | 103.00 | 137.00 | OK | |
r-oldrel-macos-arm64 | 2.18.0 | 45.00 | NOTE | |||
r-oldrel-macos-x86_64 | 2.18.0 | 59.00 | NOTE | |||
r-oldrel-windows-x86_64 | 2.18.0 | 39.00 | 119.00 | 158.00 | NOTE |
Version: 2.18.0
Check: package dependencies
Result: NOTE
Package which this enhances but not available for checking: ‘asreml’
Flavors: r-oldrel-macos-arm64, r-oldrel-macos-x86_64, r-oldrel-windows-x86_64
These binaries (installable software) and packages are in development.
They may not be fully stable and should be used with caution. We make no claims about them.