Last updated on 2025-07-02 03:50:46 CEST.
Flavor | Version | Tinstall | Tcheck | Ttotal | Status | Flags |
---|---|---|---|---|---|---|
r-devel-linux-x86_64-debian-clang | 2.18.0 | 25.83 | 76.75 | 102.58 | OK | |
r-devel-linux-x86_64-debian-gcc | 2.18.0 | 16.49 | 55.62 | 72.11 | OK | |
r-devel-linux-x86_64-fedora-clang | 2.18.0 | 176.81 | OK | |||
r-devel-linux-x86_64-fedora-gcc | 2.18.0 | 150.96 | OK | |||
r-devel-windows-x86_64 | 2.18.0 | 34.00 | 102.00 | 136.00 | OK | |
r-patched-linux-x86_64 | OK | |||||
r-release-linux-x86_64 | 2.18.0 | 21.44 | 69.52 | 90.96 | OK | |
r-release-macos-arm64 | 2.18.0 | 49.00 | OK | |||
r-release-macos-x86_64 | 2.18.0 | 83.00 | OK | |||
r-release-windows-x86_64 | 2.18.0 | 34.00 | 107.00 | 141.00 | OK | |
r-oldrel-macos-arm64 | 2.18.0 | 45.00 | NOTE | |||
r-oldrel-macos-x86_64 | 2.18.0 | 59.00 | NOTE | |||
r-oldrel-windows-x86_64 | 2.18.0 | 38.00 | 118.00 | 156.00 | NOTE |
Version: 2.18.0
Check: package dependencies
Result: NOTE
Package which this enhances but not available for checking: ‘asreml’
Flavors: r-oldrel-macos-arm64, r-oldrel-macos-x86_64, r-oldrel-windows-x86_64
These binaries (installable software) and packages are in development.
They may not be fully stable and should be used with caution. We make no claims about them.