CRAN Package Check Results for Package namedropR

Last updated on 2025-07-26 07:50:28 CEST.

Flavor Version Tinstall Tcheck Ttotal Status Flags
r-devel-linux-x86_64-debian-clang 2.4.1 6.05 89.07 95.12 NOTE
r-devel-linux-x86_64-debian-gcc 2.4.1 4.05 60.67 64.72 NOTE
r-devel-linux-x86_64-fedora-clang 2.4.1 155.65 NOTE
r-devel-linux-x86_64-fedora-gcc 2.4.1 164.76 NOTE
r-devel-windows-x86_64 2.4.1 9.00 94.00 103.00 NOTE
r-patched-linux-x86_64 2.4.1 6.15 82.10 88.25 NOTE
r-release-linux-x86_64 2.4.1 6.05 83.88 89.93 NOTE
r-release-macos-arm64 2.4.1 62.00 NOTE
r-release-macos-x86_64 2.4.1 103.00 NOTE
r-release-windows-x86_64 2.4.1 8.00 93.00 101.00 NOTE
r-oldrel-macos-arm64 2.4.1 54.00 NOTE
r-oldrel-macos-x86_64 2.4.1 90.00 NOTE
r-oldrel-windows-x86_64 2.4.1 11.00 116.00 127.00 NOTE

Check Details

Version: 2.4.1
Check: Rd files
Result: NOTE checkRd: (-1) drop_name_crossref.Rd:49: Lost braces; missing escapes or markup? 49 | Takes one or several dois and extracts information from Crossref, then processes them into visual citations with \code{\link{drop_name}}. Requires {rcrossref} > v1.1, see README for further details. | ^ Flavors: r-devel-linux-x86_64-debian-clang, r-devel-linux-x86_64-debian-gcc, r-devel-linux-x86_64-fedora-clang, r-devel-linux-x86_64-fedora-gcc, r-devel-windows-x86_64, r-patched-linux-x86_64, r-release-linux-x86_64, r-release-macos-arm64, r-release-macos-x86_64, r-release-windows-x86_64, r-oldrel-macos-arm64, r-oldrel-macos-x86_64, r-oldrel-windows-x86_64

These binaries (installable software) and packages are in development.
They may not be fully stable and should be used with caution. We make no claims about them.