Last updated on 2025-02-16 08:50:55 CET.
Flavor | Version | Tinstall | Tcheck | Ttotal | Status | Flags |
---|---|---|---|---|---|---|
r-devel-linux-x86_64-debian-clang | 0.1.3 | 570.73 | 39.46 | 610.19 | OK | |
r-devel-linux-x86_64-debian-gcc | 0.1.3 | 398.78 | 30.59 | 429.37 | OK | |
r-devel-linux-x86_64-fedora-clang | 0.1.3 | 1293.69 | OK | |||
r-devel-linux-x86_64-fedora-gcc | 0.1.3 | 1319.67 | OK | |||
r-devel-macos-arm64 | 0.1.3 | 208.00 | OK | |||
r-devel-macos-x86_64 | 0.1.3 | 223.00 | OK | |||
r-devel-windows-x86_64 | 0.1.3 | 534.00 | 98.00 | 632.00 | OK | |
r-patched-linux-x86_64 | 0.1.3 | 567.74 | 38.63 | 606.37 | OK | |
r-release-linux-x86_64 | 0.1.3 | 568.50 | 37.99 | 606.49 | OK | |
r-release-macos-arm64 | 0.1.3 | 260.00 | NOTE | |||
r-release-macos-x86_64 | 0.1.3 | 231.00 | NOTE | |||
r-release-windows-x86_64 | 0.1.3 | 532.00 | 93.00 | 625.00 | NOTE | |
r-oldrel-macos-arm64 | 0.1.3 | 342.00 | NOTE | |||
r-oldrel-macos-x86_64 | 0.1.3 | 251.00 | NOTE | |||
r-oldrel-windows-x86_64 | 0.1.3 | 516.00 | 127.00 | 643.00 | NOTE |
Version: 0.1.3
Check: installed package size
Result: NOTE
installed size is 25.7Mb
sub-directories of 1Mb or more:
data 1.9Mb
libs 22.5Mb
models 1.1Mb
Flavors: r-release-macos-arm64, r-release-macos-x86_64, r-release-windows-x86_64, r-oldrel-macos-arm64, r-oldrel-macos-x86_64, r-oldrel-windows-x86_64
These binaries (installable software) and packages are in development.
They may not be fully stable and should be used with caution. We make no claims about them.