Last updated on 2025-10-03 13:49:41 CEST.
Flavor | Version | Tinstall | Tcheck | Ttotal | Status | Flags |
---|---|---|---|---|---|---|
r-devel-linux-x86_64-debian-clang | 0.1.5 | 577.62 | 41.92 | 619.54 | OK | |
r-devel-linux-x86_64-debian-gcc | 0.1.5 | 374.46 | 32.39 | 406.85 | OK | |
r-devel-linux-x86_64-fedora-clang | 0.1.5 | 1255.51 | OK | |||
r-devel-linux-x86_64-fedora-gcc | 0.1.5 | 1171.96 | OK | |||
r-devel-windows-x86_64 | 0.1.5 | 561.00 | 92.00 | 653.00 | OK | |
r-patched-linux-x86_64 | 0.1.5 | 570.33 | 40.29 | 610.62 | OK | |
r-release-linux-x86_64 | 0.1.5 | 572.99 | 40.36 | 613.35 | OK | |
r-release-macos-arm64 | 0.1.5 | 237.00 | OK | |||
r-release-macos-x86_64 | 0.1.5 | 232.00 | OK | |||
r-release-windows-x86_64 | 0.1.5 | 574.00 | 89.00 | 663.00 | OK | |
r-oldrel-macos-arm64 | 0.1.5 | 257.00 | NOTE | |||
r-oldrel-macos-x86_64 | 0.1.5 | 161.00 | NOTE | |||
r-oldrel-windows-x86_64 | 0.1.5 | 555.00 | 110.00 | 665.00 | NOTE |
Version: 0.1.5
Check: installed package size
Result: NOTE
installed size is 26.5Mb
sub-directories of 1Mb or more:
data 1.9Mb
libs 23.3Mb
models 1.1Mb
Flavors: r-oldrel-macos-arm64, r-oldrel-macos-x86_64, r-oldrel-windows-x86_64
These binaries (installable software) and packages are in development.
They may not be fully stable and should be used with caution. We make no claims about them.