Last updated on 2025-05-01 08:52:39 CEST.
Flavor | Version | Tinstall | Tcheck | Ttotal | Status | Flags |
---|---|---|---|---|---|---|
r-devel-linux-x86_64-debian-clang | 0.1.3 | 578.63 | 40.48 | 619.11 | NOTE | |
r-devel-linux-x86_64-debian-gcc | 0.1.3 | 396.68 | 31.60 | 428.28 | OK | |
r-devel-linux-x86_64-fedora-clang | 0.1.3 | 1320.81 | OK | |||
r-devel-linux-x86_64-fedora-gcc | 0.1.3 | 1177.78 | OK | |||
r-devel-windows-x86_64 | 0.1.3 | 599.00 | 96.00 | 695.00 | OK | |
r-patched-linux-x86_64 | 0.1.3 | 571.57 | 39.25 | 610.82 | OK | |
r-release-linux-x86_64 | OK | |||||
r-release-macos-arm64 | 0.1.3 | 223.00 | OK | |||
r-release-macos-x86_64 | 0.1.3 | 220.00 | OK | |||
r-release-windows-x86_64 | 0.1.3 | 584.00 | 100.00 | 684.00 | OK | |
r-oldrel-macos-arm64 | 0.1.3 | 260.00 | NOTE | |||
r-oldrel-macos-x86_64 | 0.1.3 | 231.00 | NOTE | |||
r-oldrel-windows-x86_64 | 0.1.3 | 519.00 | 111.00 | 630.00 | NOTE |
Version: 0.1.3
Check: examples
Result: NOTE
Examples with CPU (user + system) or elapsed time > 5s
user system elapsed
nametagger 6.274 0.369 9.849
Flavor: r-devel-linux-x86_64-debian-clang
Version: 0.1.3
Check: examples
Result: NA
user system elapsed
nametagger 4.809 0.206 6.865
OK
Flavor: r-devel-linux-x86_64-debian-gcc
Version: 0.1.3
Check: installed package size
Result: NOTE
installed size is 25.7Mb
sub-directories of 1Mb or more:
data 1.9Mb
libs 22.5Mb
models 1.1Mb
Flavors: r-oldrel-macos-arm64, r-oldrel-macos-x86_64, r-oldrel-windows-x86_64
These binaries (installable software) and packages are in development.
They may not be fully stable and should be used with caution. We make no claims about them.