Last updated on 2025-07-04 11:50:32 CEST.
Flavor | Version | Tinstall | Tcheck | Ttotal | Status | Flags |
---|---|---|---|---|---|---|
r-devel-linux-x86_64-debian-clang | 0.1.3 | 587.44 | 41.47 | 628.91 | OK | |
r-devel-linux-x86_64-debian-gcc | 0.1.3 | 394.63 | 31.94 | 426.57 | OK | |
r-devel-linux-x86_64-fedora-clang | 0.1.3 | 1282.31 | OK | |||
r-devel-linux-x86_64-fedora-gcc | 0.1.3 | 1133.47 | OK | |||
r-devel-windows-x86_64 | 0.1.3 | 603.00 | 98.00 | 701.00 | OK | |
r-patched-linux-x86_64 | 0.1.3 | 586.16 | 39.10 | 625.26 | OK | |
r-release-linux-x86_64 | 0.1.3 | 574.74 | 39.80 | 614.54 | OK | |
r-release-macos-arm64 | 0.1.3 | 223.00 | OK | |||
r-release-macos-x86_64 | 0.1.3 | 220.00 | OK | |||
r-release-windows-x86_64 | 0.1.3 | 589.00 | 93.00 | 682.00 | OK | |
r-oldrel-macos-arm64 | 0.1.3 | 260.00 | NOTE | |||
r-oldrel-macos-x86_64 | 0.1.3 | 231.00 | NOTE | |||
r-oldrel-windows-x86_64 | 0.1.3 | 549.00 | 110.00 | 659.00 | NOTE |
Version: 0.1.3
Check: installed package size
Result: NOTE
installed size is 25.7Mb
sub-directories of 1Mb or more:
data 1.9Mb
libs 22.5Mb
models 1.1Mb
Flavors: r-oldrel-macos-arm64, r-oldrel-macos-x86_64, r-oldrel-windows-x86_64
These binaries (installable software) and packages are in development.
They may not be fully stable and should be used with caution. We make no claims about them.