Last updated on 2025-05-02 02:51:01 CEST.
Flavor | Version | Tinstall | Tcheck | Ttotal | Status | Flags |
---|---|---|---|---|---|---|
r-devel-linux-x86_64-debian-clang | 2.1.0 | 27.95 | 198.90 | 226.85 | NOTE | |
r-devel-linux-x86_64-debian-gcc | 2.1.0 | 18.31 | 140.58 | 158.89 | NOTE | |
r-devel-linux-x86_64-fedora-clang | 2.1.0 | 345.74 | OK | |||
r-devel-linux-x86_64-fedora-gcc | 2.1.0 | 353.15 | OK | |||
r-devel-windows-x86_64 | 2.1.0 | 33.00 | 228.00 | 261.00 | OK | |
r-patched-linux-x86_64 | 2.1.0 | 28.00 | 182.64 | 210.64 | OK | |
r-release-linux-x86_64 | OK | |||||
r-release-macos-arm64 | 2.1.0 | 97.00 | OK | |||
r-release-macos-x86_64 | 2.1.0 | 169.00 | OK | |||
r-release-windows-x86_64 | 2.1.0 | 33.00 | 244.00 | 277.00 | OK | |
r-oldrel-macos-arm64 | 2.1.0 | 92.00 | OK | |||
r-oldrel-macos-x86_64 | 2.1.0 | 127.00 | OK | |||
r-oldrel-windows-x86_64 | 2.1.0 | 39.00 | 247.00 | 286.00 | OK |
Version: 2.1.0
Check: CRAN incoming feasibility
Result: NOTE
Maintainer: ‘Rory Nolan <rorynoolan@gmail.com>’
Package CITATION file contains call(s) to old-style personList() or
as.personList(). Please use c() on person objects instead.
Package CITATION file contains call(s) to old-style citEntry(). Please
use bibentry() instead.
Flavors: r-devel-linux-x86_64-debian-clang, r-devel-linux-x86_64-debian-gcc
These binaries (installable software) and packages are in development.
They may not be fully stable and should be used with caution. We make no claims about them.