CRAN Package Check Results for Package naniar

Last updated on 2025-05-08 04:52:12 CEST.

Flavor Version Tinstall Tcheck Ttotal Status Flags
r-devel-linux-x86_64-debian-clang 1.1.0 9.10 161.21 170.31 NOTE
r-devel-linux-x86_64-debian-gcc 1.1.0 6.20 112.73 118.93 NOTE
r-devel-linux-x86_64-fedora-clang 1.1.0 244.73 NOTE
r-devel-linux-x86_64-fedora-gcc 1.1.0 275.64 NOTE
r-devel-windows-x86_64 1.1.0 10.00 177.00 187.00 NOTE
r-patched-linux-x86_64 1.1.0 10.89 147.09 157.98 NOTE
r-release-linux-x86_64 1.1.0 7.15 148.81 155.96 NOTE
r-release-macos-arm64 1.1.0 78.00 NOTE
r-release-macos-x86_64 1.1.0 152.00 OK
r-release-windows-x86_64 1.1.0 10.00 178.00 188.00 NOTE
r-oldrel-macos-arm64 1.1.0 72.00 OK
r-oldrel-macos-x86_64 1.1.0 144.00 OK
r-oldrel-windows-x86_64 1.1.0 15.00 215.00 230.00 OK

Check Details

Version: 1.1.0
Check: DESCRIPTION meta-information
Result: NOTE Missing dependency on R >= 4.1.0 because package code uses the pipe |> or function shorthand \(...) syntax added in R 4.1.0. File(s) using such syntax: ‘impute_below.Rd’ ‘impute_factor.Rd’ ‘impute_fixed.Rd’ ‘impute_mean.Rd’ ‘impute_median.Rd’ ‘impute_mode.Rd’ ‘impute_zero.Rd’ ‘replace_na_with.Rd’ Flavors: r-devel-linux-x86_64-debian-clang, r-devel-linux-x86_64-debian-gcc, r-devel-linux-x86_64-fedora-clang, r-devel-linux-x86_64-fedora-gcc, r-devel-windows-x86_64, r-patched-linux-x86_64, r-release-linux-x86_64, r-release-macos-arm64, r-release-windows-x86_64

These binaries (installable software) and packages are in development.
They may not be fully stable and should be used with caution. We make no claims about them.