Last updated on 2025-11-12 19:51:55 CET.
| Flavor | Version | Tinstall | Tcheck | Ttotal | Status | Flags |
|---|---|---|---|---|---|---|
| r-devel-linux-x86_64-debian-clang | 1.1.0 | 9.22 | 189.11 | 198.33 | NOTE | |
| r-devel-linux-x86_64-debian-gcc | 1.1.0 | 5.76 | 131.62 | 137.38 | NOTE | |
| r-devel-linux-x86_64-fedora-clang | 1.1.0 | 20.00 | 258.55 | 278.55 | NOTE | |
| r-devel-linux-x86_64-fedora-gcc | 1.1.0 | 18.00 | 274.90 | 292.90 | NOTE | |
| r-devel-windows-x86_64 | 1.1.0 | 11.00 | 195.00 | 206.00 | NOTE | |
| r-patched-linux-x86_64 | 1.1.0 | 10.09 | 176.05 | 186.14 | NOTE | |
| r-release-linux-x86_64 | 1.1.0 | 8.96 | 176.51 | 185.47 | NOTE | |
| r-release-macos-arm64 | 1.1.0 | 4.00 | 74.00 | 78.00 | NOTE | |
| r-release-macos-x86_64 | 1.1.0 | 7.00 | 145.00 | 152.00 | OK | |
| r-release-windows-x86_64 | 1.1.0 | 13.00 | 195.00 | 208.00 | NOTE | |
| r-oldrel-macos-arm64 | 1.1.0 | 4.00 | 68.00 | 72.00 | OK | |
| r-oldrel-macos-x86_64 | 1.1.0 | 5.00 | 139.00 | 144.00 | OK | |
| r-oldrel-windows-x86_64 | 1.1.0 | 17.00 | 254.00 | 271.00 | OK |
Version: 1.1.0
Check: DESCRIPTION meta-information
Result: NOTE
Missing dependency on R >= 4.1.0 because package code uses the pipe
|> or function shorthand \(...) syntax added in R 4.1.0.
File(s) using such syntax:
‘impute_below.Rd’ ‘impute_factor.Rd’ ‘impute_fixed.Rd’
‘impute_mean.Rd’ ‘impute_median.Rd’ ‘impute_mode.Rd’ ‘impute_zero.Rd’
‘replace_na_with.Rd’
Flavors: r-devel-linux-x86_64-debian-clang, r-devel-linux-x86_64-debian-gcc, r-devel-linux-x86_64-fedora-clang, r-devel-linux-x86_64-fedora-gcc, r-devel-windows-x86_64, r-patched-linux-x86_64, r-release-linux-x86_64, r-release-macos-arm64, r-release-windows-x86_64
These binaries (installable software) and packages are in development.
They may not be fully stable and should be used with caution. We make no claims about them.