Last updated on 2025-05-08 04:52:12 CEST.
Flavor | Version | Tinstall | Tcheck | Ttotal | Status | Flags |
---|---|---|---|---|---|---|
r-devel-linux-x86_64-debian-clang | 0.3.12 | 49.52 | 67.98 | 117.50 | OK | |
r-devel-linux-x86_64-debian-gcc | 0.3.12 | 39.31 | 48.72 | 88.03 | OK | |
r-devel-linux-x86_64-fedora-clang | 0.3.12 | 198.09 | OK | |||
r-devel-linux-x86_64-fedora-gcc | 0.3.12 | 248.66 | OK | |||
r-devel-windows-x86_64 | 0.3.12 | 58.00 | 111.00 | 169.00 | OK | |
r-patched-linux-x86_64 | 0.3.12 | 55.58 | 62.56 | 118.14 | OK | |
r-release-linux-x86_64 | 0.3.12 | 55.09 | 63.78 | 118.87 | OK | |
r-release-macos-arm64 | 0.3.12 | 97.00 | OK | |||
r-release-macos-x86_64 | 0.3.12 | 92.00 | OK | |||
r-release-windows-x86_64 | 0.3.12 | 59.00 | 107.00 | 166.00 | OK | |
r-oldrel-macos-arm64 | 0.3.12 | 61.00 | NOTE | |||
r-oldrel-macos-x86_64 | 0.3.12 | 97.00 | OK | |||
r-oldrel-windows-x86_64 | 0.3.12 | 73.00 | 131.00 | 204.00 | OK |
Version: 0.3.12
Check: installed package size
Result: NOTE
installed size is 5.2Mb
sub-directories of 1Mb or more:
libs 4.2Mb
Flavor: r-oldrel-macos-arm64
These binaries (installable software) and packages are in development.
They may not be fully stable and should be used with caution. We make no claims about them.