Last updated on 2025-02-16 08:50:55 CET.
Flavor | Version | Tinstall | Tcheck | Ttotal | Status | Flags |
---|---|---|---|---|---|---|
r-devel-linux-x86_64-debian-clang | 0.1.6 | 5.87 | 35.78 | 41.65 | NOTE | |
r-devel-linux-x86_64-debian-gcc | 0.1.6 | 3.76 | 26.34 | 30.10 | NOTE | |
r-devel-linux-x86_64-fedora-clang | 0.1.6 | 67.39 | NOTE | |||
r-devel-linux-x86_64-fedora-gcc | 0.1.6 | 63.47 | NOTE | |||
r-devel-macos-arm64 | 0.1.6 | 23.00 | NOTE | |||
r-devel-macos-x86_64 | 0.1.6 | 43.00 | NOTE | |||
r-devel-windows-x86_64 | 0.1.6 | 8.00 | 54.00 | 62.00 | NOTE | |
r-patched-linux-x86_64 | 0.1.6 | 4.51 | 33.81 | 38.32 | NOTE | |
r-release-linux-x86_64 | 0.1.6 | 5.62 | 33.66 | 39.28 | NOTE | |
r-release-macos-arm64 | 0.1.6 | 23.00 | NOTE | |||
r-release-macos-x86_64 | 0.1.6 | 31.00 | NOTE | |||
r-release-windows-x86_64 | 0.1.6 | 8.00 | 55.00 | 63.00 | NOTE | |
r-oldrel-macos-arm64 | 0.1.6 | 26.00 | OK | |||
r-oldrel-macos-x86_64 | 0.1.6 | 32.00 | OK | |||
r-oldrel-windows-x86_64 | 0.1.6 | 9.00 | 58.00 | 67.00 | OK |
Version: 0.1.6
Check: Rd files
Result: NOTE
checkRd: (-1) fod.Rd:12: Lost braces in \itemize; meant \describe ?
checkRd: (-1) fod.Rd:13: Lost braces in \itemize; meant \describe ?
checkRd: (-1) fod.Rd:14: Lost braces in \itemize; meant \describe ?
Flavors: r-devel-linux-x86_64-debian-clang, r-devel-linux-x86_64-debian-gcc, r-devel-linux-x86_64-fedora-clang, r-devel-linux-x86_64-fedora-gcc, r-devel-macos-arm64, r-devel-macos-x86_64, r-devel-windows-x86_64, r-patched-linux-x86_64, r-release-linux-x86_64, r-release-macos-arm64, r-release-macos-x86_64, r-release-windows-x86_64
These binaries (installable software) and packages are in development.
They may not be fully stable and should be used with caution. We make no claims about them.