Last updated on 2025-05-21 17:52:19 CEST.
Flavor | Version | Tinstall | Tcheck | Ttotal | Status | Flags |
---|---|---|---|---|---|---|
r-devel-linux-x86_64-debian-clang | 0.5.1 | 15.72 | 33.12 | 48.84 | NOTE | |
r-devel-linux-x86_64-debian-gcc | 0.5.1 | 12.07 | 25.94 | 38.01 | NOTE | |
r-devel-linux-x86_64-fedora-clang | 0.5.1 | 83.89 | NOTE | |||
r-devel-linux-x86_64-fedora-gcc | 0.5.1 | 98.63 | NOTE | |||
r-devel-windows-x86_64 | 0.5.1 | 19.00 | 92.00 | 111.00 | NOTE | |
r-patched-linux-x86_64 | 0.5.1 | 16.59 | 32.02 | 48.61 | NOTE | |
r-release-linux-x86_64 | 0.5.1 | 14.63 | 32.13 | 46.76 | NOTE | |
r-release-macos-arm64 | 0.5.1 | 51.00 | NOTE | |||
r-release-macos-x86_64 | 0.5.1 | 64.00 | NOTE | |||
r-release-windows-x86_64 | 0.5.1 | 19.00 | 84.00 | 103.00 | NOTE | |
r-oldrel-macos-arm64 | 0.5.1 | 33.00 | NOTE | |||
r-oldrel-macos-x86_64 | 0.5.1 | 49.00 | NOTE | |||
r-oldrel-windows-x86_64 | 0.5.1 | 22.00 | 86.00 | 108.00 | NOTE |
Version: 0.5.1
Check: CRAN incoming feasibility
Result: NOTE
Maintainer: ‘Michael Schubert <mschu.dev@gmail.com>’
No Authors@R field in DESCRIPTION.
Please add one, modifying
Authors@R: person(given = "Michael",
family = "Schubert",
role = c("aut", "cre"),
email = "mschu.dev@gmail.com")
as necessary.
Flavors: r-devel-linux-x86_64-debian-clang, r-devel-linux-x86_64-debian-gcc
Version: 0.5.1
Check: C++ specification
Result: NOTE
Specified C++11: please drop specification unless essential
Flavors: r-devel-linux-x86_64-debian-clang, r-devel-linux-x86_64-debian-gcc, r-devel-linux-x86_64-fedora-clang, r-devel-linux-x86_64-fedora-gcc, r-devel-windows-x86_64, r-patched-linux-x86_64, r-release-linux-x86_64, r-release-macos-arm64, r-release-macos-x86_64, r-release-windows-x86_64, r-oldrel-macos-arm64, r-oldrel-macos-x86_64, r-oldrel-windows-x86_64
These binaries (installable software) and packages are in development.
They may not be fully stable and should be used with caution. We make no claims about them.