Last updated on 2025-11-13 01:50:27 CET.
| Flavor | Version | Tinstall | Tcheck | Ttotal | Status | Flags |
|---|---|---|---|---|---|---|
| r-devel-linux-x86_64-debian-clang | 0.5.1 | 17.68 | 34.97 | 52.65 | NOTE | |
| r-devel-linux-x86_64-debian-gcc | 0.5.1 | 11.38 | 27.32 | 38.70 | NOTE | |
| r-devel-linux-x86_64-fedora-clang | 0.5.1 | 30.00 | 52.06 | 82.06 | NOTE | |
| r-devel-linux-x86_64-fedora-gcc | 0.5.1 | 36.00 | 59.06 | 95.06 | NOTE | |
| r-devel-windows-x86_64 | 0.5.1 | 21.00 | 72.00 | 93.00 | NOTE | |
| r-patched-linux-x86_64 | 0.5.1 | 16.19 | 33.71 | 49.90 | NOTE | |
| r-release-linux-x86_64 | 0.5.1 | 16.13 | 33.34 | 49.47 | NOTE | |
| r-release-macos-arm64 | 0.5.1 | 10.00 | 41.00 | 51.00 | NOTE | |
| r-release-macos-x86_64 | 0.5.1 | 13.00 | 51.00 | 64.00 | NOTE | |
| r-release-windows-x86_64 | 0.5.1 | 20.00 | 71.00 | 91.00 | NOTE | |
| r-oldrel-macos-arm64 | 0.5.1 | 7.00 | 26.00 | 33.00 | NOTE | |
| r-oldrel-macos-x86_64 | 0.5.1 | 11.00 | 38.00 | 49.00 | NOTE | |
| r-oldrel-windows-x86_64 | 0.5.1 | 25.00 | 86.00 | 111.00 | NOTE |
Version: 0.5.1
Check: CRAN incoming feasibility
Result: NOTE
Maintainer: ‘Michael Schubert <mschu.dev@gmail.com>’
No Authors@R field in DESCRIPTION.
Please add one, modifying
Authors@R: person(given = "Michael",
family = "Schubert",
role = c("aut", "cre"),
email = "mschu.dev@gmail.com")
as necessary.
Flavors: r-devel-linux-x86_64-debian-clang, r-devel-linux-x86_64-debian-gcc
Version: 0.5.1
Check: C++ specification
Result: NOTE
Specified C++11: please drop specification unless essential
Flavors: r-devel-linux-x86_64-debian-clang, r-devel-linux-x86_64-debian-gcc, r-devel-linux-x86_64-fedora-clang, r-devel-linux-x86_64-fedora-gcc, r-devel-windows-x86_64, r-patched-linux-x86_64, r-release-linux-x86_64, r-release-macos-arm64, r-release-macos-x86_64, r-release-windows-x86_64, r-oldrel-macos-arm64, r-oldrel-macos-x86_64, r-oldrel-windows-x86_64
These binaries (installable software) and packages are in development.
They may not be fully stable and should be used with caution. We make no claims about them.