CRAN Package Check Results for Package narray

Last updated on 2025-10-23 11:50:20 CEST.

Flavor Version Tinstall Tcheck Ttotal Status Flags
r-devel-linux-x86_64-debian-clang 0.5.1 17.62 35.51 53.13 NOTE
r-devel-linux-x86_64-debian-gcc 0.5.1 12.54 27.82 40.36 NOTE
r-devel-linux-x86_64-fedora-clang 0.5.1 43.00 42.45 85.45 NOTE
r-devel-linux-x86_64-fedora-gcc 0.5.1 30.00 65.06 95.06 NOTE
r-devel-windows-x86_64 0.5.1 21.00 74.00 95.00 NOTE
r-patched-linux-x86_64 0.5.1 17.17 33.80 50.97 NOTE
r-release-linux-x86_64 0.5.1 17.06 33.30 50.36 NOTE
r-release-macos-arm64 0.5.1 10.00 41.00 51.00 NOTE
r-release-macos-x86_64 0.5.1 13.00 51.00 64.00 NOTE
r-release-windows-x86_64 0.5.1 21.00 75.00 96.00 NOTE
r-oldrel-macos-arm64 0.5.1 7.00 26.00 33.00 NOTE
r-oldrel-macos-x86_64 0.5.1 11.00 38.00 49.00 NOTE
r-oldrel-windows-x86_64 0.5.1 23.00 86.00 109.00 NOTE

Check Details

Version: 0.5.1
Check: CRAN incoming feasibility
Result: NOTE Maintainer: ‘Michael Schubert <mschu.dev@gmail.com>’ No Authors@R field in DESCRIPTION. Please add one, modifying Authors@R: person(given = "Michael", family = "Schubert", role = c("aut", "cre"), email = "mschu.dev@gmail.com") as necessary. Flavors: r-devel-linux-x86_64-debian-clang, r-devel-linux-x86_64-debian-gcc

Version: 0.5.1
Check: C++ specification
Result: NOTE Specified C++11: please drop specification unless essential Flavors: r-devel-linux-x86_64-debian-clang, r-devel-linux-x86_64-debian-gcc, r-devel-linux-x86_64-fedora-clang, r-devel-linux-x86_64-fedora-gcc, r-devel-windows-x86_64, r-patched-linux-x86_64, r-release-linux-x86_64, r-release-macos-arm64, r-release-macos-x86_64, r-release-windows-x86_64, r-oldrel-macos-arm64, r-oldrel-macos-x86_64, r-oldrel-windows-x86_64

Version: 0.5.1
Check: HTML version of manual
Result: NOTE Found the following HTML validation problems: dim.html:46:1 (dim.Rd:10): Warning: missing </ul> before </div> intersect.html:64:1 (intersect.Rd:19): Warning: missing </ul> before </div> intersect_list.html:58:1 (intersect_list.Rd:16): Warning: missing </ul> before </div> lambda.html:67:1 (lambda.Rd:21): Warning: missing </ul> before </div> Flavor: r-devel-linux-x86_64-debian-clang

These binaries (installable software) and packages are in development.
They may not be fully stable and should be used with caution. We make no claims about them.