Last updated on 2025-11-12 12:53:16 CET.
| Flavor | Version | Tinstall | Tcheck | Ttotal | Status | Flags |
|---|---|---|---|---|---|---|
| r-devel-linux-x86_64-debian-clang | 2.6.30 | 102.99 | 51.02 | 154.01 | WARN | |
| r-devel-linux-x86_64-debian-gcc | 2.6.30 | 79.16 | 38.74 | 117.90 | WARN | |
| r-devel-linux-x86_64-fedora-clang | 2.6.31 | 102.00 | 242.85 | 344.85 | OK | |
| r-devel-linux-x86_64-fedora-gcc | 2.6.31 | 58.00 | 252.72 | 310.72 | OK | |
| r-patched-linux-x86_64 | 2.6.30 | 122.87 | 47.14 | 170.01 | NOTE | |
| r-release-linux-x86_64 | 2.6.30 | 120.91 | 47.32 | 168.23 | NOTE | |
| r-release-macos-arm64 | 2.6.31 | 41.00 | 34.00 | 75.00 | OK | |
| r-release-macos-x86_64 | 2.6.31 | 60.00 | 77.00 | 137.00 | OK | |
| r-oldrel-macos-arm64 | 2.6.31 | 41.00 | 37.00 | 78.00 | NOTE | |
| r-oldrel-macos-x86_64 | 2.6.31 | 43.00 | 75.00 | 118.00 | NOTE |
Version: 2.6.30
Check: Rd files
Result: NOTE
checkRd: (-1) emr_db.connect.Rd:99-103: Only 3 columns allowed in this table (row 1 has 2)
checkRd: (-1) emr_db.connect.Rd:99-103: Only 3 columns allowed in this table (row 2 has 2)
checkRd: (-1) emr_db.connect.Rd:99-103: Only 3 columns allowed in this table (row 3 has 2)
Flavors: r-devel-linux-x86_64-debian-clang, r-devel-linux-x86_64-debian-gcc
Version: 2.6.30
Check: compiled code
Result: WARN
File ‘naryn/libs/naryn.so’:
Found non-API call to R: ‘Rf_GetOption’
This entry point may be removed soon.
Compiled code should not call non-API entry points in R.
See ‘Writing portable packages’ in the ‘Writing R Extensions’ manual,
and section ‘Moving into C API compliance’ for issues with the use of
non-API entry points.
Flavors: r-devel-linux-x86_64-debian-clang, r-devel-linux-x86_64-debian-gcc
Version: 2.6.30
Check: compiled code
Result: NOTE
File ‘naryn/libs/naryn.so’:
Found non-API call to R: ‘Rf_GetOption’
Compiled code should not call non-API entry points in R.
See ‘Writing portable packages’ in the ‘Writing R Extensions’ manual,
and section ‘Moving into C API compliance’ for issues with the use of
non-API entry points.
Flavors: r-patched-linux-x86_64, r-release-linux-x86_64
Version: 2.6.31
Check: installed package size
Result: NOTE
installed size is 11.1Mb
sub-directories of 1Mb or more:
libs 10.5Mb
Flavors: r-oldrel-macos-arm64, r-oldrel-macos-x86_64
These binaries (installable software) and packages are in development.
They may not be fully stable and should be used with caution. We make no claims about them.