CRAN Package Check Results for Package nasadata

Last updated on 2025-05-02 13:50:51 CEST.

Flavor Version Tinstall Tcheck Ttotal Status Flags
r-devel-linux-x86_64-debian-clang 0.9.0 4.58 37.47 42.05 NOTE
r-devel-linux-x86_64-debian-gcc 0.9.0 3.43 27.51 30.94 NOTE
r-devel-linux-x86_64-fedora-clang 0.9.0 64.81 OK
r-devel-linux-x86_64-fedora-gcc 0.9.0 60.67 OK
r-devel-windows-x86_64 0.9.0 6.00 61.00 67.00 OK
r-patched-linux-x86_64 0.9.0 4.19 34.64 38.83 OK
r-release-linux-x86_64 OK
r-release-macos-arm64 0.9.0 24.00 OK
r-release-macos-x86_64 0.9.0 38.00 OK
r-release-windows-x86_64 0.9.0 6.00 74.00 80.00 OK
r-oldrel-macos-arm64 0.9.0 22.00 NOTE
r-oldrel-macos-x86_64 0.9.0 34.00 NOTE
r-oldrel-windows-x86_64 0.9.0 6.00 66.00 72.00 NOTE

Check Details

Version: 0.9.0
Check: CRAN incoming feasibility
Result: NOTE Maintainer: ‘Eduardo Flores <eduardo@enelmargen.org>’ No Authors@R field in DESCRIPTION. Please add one, modifying Authors@R: person(given = "Eduardo", family = "Flores", role = c("aut", "cre"), email = "eduardo@enelmargen.org") as necessary. Flavors: r-devel-linux-x86_64-debian-clang, r-devel-linux-x86_64-debian-gcc

Version: 0.9.0
Check: LazyData
Result: NOTE 'LazyData' is specified without a 'data' directory Flavors: r-oldrel-macos-arm64, r-oldrel-macos-x86_64, r-oldrel-windows-x86_64

These binaries (installable software) and packages are in development.
They may not be fully stable and should be used with caution. We make no claims about them.