CRAN Package Check Results for Package naspaclust

Last updated on 2025-07-25 13:50:26 CEST.

Flavor Version Tinstall Tcheck Ttotal Status Flags
r-devel-linux-x86_64-debian-clang 0.2.2 5.36 47.38 52.74 OK
r-devel-linux-x86_64-debian-gcc 0.2.2 3.51 34.28 37.79 OK
r-devel-linux-x86_64-fedora-clang 0.2.2 89.27 NOTE
r-devel-linux-x86_64-fedora-gcc 0.2.2 79.59 NOTE
r-devel-windows-x86_64 0.2.2 6.00 65.00 71.00 OK
r-patched-linux-x86_64 0.2.2 5.76 44.13 49.89 OK
r-release-linux-x86_64 0.2.2 4.98 44.48 49.46 OK
r-release-macos-arm64 0.2.2 25.00 OK
r-release-macos-x86_64 0.2.2 40.00 OK
r-release-windows-x86_64 0.2.2 6.00 67.00 73.00 OK
r-oldrel-macos-arm64 0.2.2 29.00 OK
r-oldrel-macos-x86_64 0.2.2 54.00 OK
r-oldrel-windows-x86_64 0.2.2 8.00 78.00 86.00 OK

Check Details

Version: 0.2.2
Check: dependencies in R code
Result: NOTE Namespace in Imports field not imported from: ‘Rdpack’ All declared Imports should be used. Flavors: r-devel-linux-x86_64-fedora-clang, r-devel-linux-x86_64-fedora-gcc

These binaries (installable software) and packages are in development.
They may not be fully stable and should be used with caution. We make no claims about them.