CRAN Package Check Results for Package natstrat

Last updated on 2025-05-08 04:52:12 CEST.

Flavor Version Tinstall Tcheck Ttotal Status Flags
r-devel-linux-x86_64-debian-clang 2.0.0 14.75 160.73 175.48 OK
r-devel-linux-x86_64-debian-gcc 2.0.0 11.78 115.14 126.92 OK
r-devel-linux-x86_64-fedora-clang 2.0.0 263.56 OK
r-devel-linux-x86_64-fedora-gcc 2.0.0 286.34 OK
r-devel-windows-x86_64 2.0.0 15.00 154.00 169.00 OK
r-patched-linux-x86_64 2.0.0 15.91 148.41 164.32 OK
r-release-linux-x86_64 2.0.0 14.89 150.14 165.03 OK
r-release-macos-arm64 2.0.0 87.00 OK
r-release-macos-x86_64 2.0.0 143.00 OK
r-release-windows-x86_64 2.0.0 15.00 153.00 168.00 OK
r-oldrel-macos-arm64 2.0.0 103.00 NOTE
r-oldrel-macos-x86_64 2.0.0 154.00 NOTE
r-oldrel-windows-x86_64 2.0.0 22.00 194.00 216.00 NOTE

Check Details

Version: 2.0.0
Check: package dependencies
Result: NOTE Package suggested but not available for checking: ‘gurobi’ Flavors: r-oldrel-macos-arm64, r-oldrel-macos-x86_64, r-oldrel-windows-x86_64

These binaries (installable software) and packages are in development.
They may not be fully stable and should be used with caution. We make no claims about them.