Last updated on 2025-02-16 08:50:55 CET.
Flavor | Version | Tinstall | Tcheck | Ttotal | Status | Flags |
---|---|---|---|---|---|---|
r-devel-linux-x86_64-debian-clang | 2.0.0 | 15.34 | 153.33 | 168.67 | OK | |
r-devel-linux-x86_64-debian-gcc | 2.0.0 | 9.29 | 110.06 | 119.35 | OK | |
r-devel-linux-x86_64-fedora-clang | 2.0.0 | 272.80 | OK | |||
r-devel-linux-x86_64-fedora-gcc | 2.0.0 | 268.77 | OK | |||
r-devel-macos-arm64 | 2.0.0 | 89.00 | OK | |||
r-devel-macos-x86_64 | 2.0.0 | 143.00 | OK | |||
r-devel-windows-x86_64 | 2.0.0 | 15.00 | 149.00 | 164.00 | OK | |
r-patched-linux-x86_64 | 2.0.0 | 14.96 | 143.40 | 158.36 | NOTE | |
r-release-linux-x86_64 | 2.0.0 | 12.36 | 141.99 | 154.35 | NOTE | |
r-release-macos-arm64 | 2.0.0 | 103.00 | NOTE | |||
r-release-macos-x86_64 | 2.0.0 | 154.00 | NOTE | |||
r-release-windows-x86_64 | 2.0.0 | 15.00 | 151.00 | 166.00 | NOTE | |
r-oldrel-macos-arm64 | 2.0.0 | 108.00 | NOTE | |||
r-oldrel-macos-x86_64 | 2.0.0 | 180.00 | NOTE | |||
r-oldrel-windows-x86_64 | 2.0.0 | 20.00 | 177.00 | 197.00 | NOTE |
Version: 2.0.0
Check: package dependencies
Result: NOTE
Package suggested but not available for checking: ‘gurobi’
Flavors: r-patched-linux-x86_64, r-release-linux-x86_64, r-release-macos-arm64, r-release-macos-x86_64, r-release-windows-x86_64, r-oldrel-macos-arm64, r-oldrel-macos-x86_64, r-oldrel-windows-x86_64
These binaries (installable software) and packages are in development.
They may not be fully stable and should be used with caution. We make no claims about them.