Last updated on 2024-07-27 15:50:27 CEST.
Flavor | Version | Tinstall | Tcheck | Ttotal | Status | Flags |
---|---|---|---|---|---|---|
r-devel-linux-x86_64-debian-clang | 0.5.2 | 7.51 | 152.93 | 160.44 | OK | |
r-devel-linux-x86_64-debian-gcc | 0.5.2 | OK | ||||
r-devel-linux-x86_64-fedora-clang | 0.5.2 | 199.31 | NOTE | |||
r-devel-linux-x86_64-fedora-gcc | 0.5.2 | 200.51 | NOTE | |||
r-devel-windows-x86_64 | 0.5.2 | 10.00 | 126.00 | 136.00 | OK | |
r-patched-linux-x86_64 | 0.5.2 | OK | ||||
r-release-linux-x86_64 | 0.5.2 | 7.88 | 141.07 | 148.95 | OK | |
r-release-macos-arm64 | 0.5.2 | 62.00 | OK | |||
r-release-macos-x86_64 | 0.5.2 | 105.00 | OK | |||
r-release-windows-x86_64 | 0.5.2 | 9.00 | 127.00 | 136.00 | OK | |
r-oldrel-macos-arm64 | 0.5.2 | 75.00 | OK | |||
r-oldrel-macos-x86_64 | 0.5.2 | 130.00 | OK | |||
r-oldrel-windows-x86_64 | 0.5.2 | 14.00 | 152.00 | 166.00 | OK |
Version: 0.5.2
Check: data for non-ASCII characters
Result: NOTE
Note: found 5 marked Latin-1 strings
Note: found 7187 marked UTF-8 strings
Flavors: r-devel-linux-x86_64-fedora-clang, r-devel-linux-x86_64-fedora-gcc
These binaries (installable software) and packages are in development.
They may not be fully stable and should be used with caution. We make no claims about them.