Last updated on 2025-11-04 11:52:36 CET.
| Flavor | Version | Tinstall | Tcheck | Ttotal | Status | Flags |
|---|---|---|---|---|---|---|
| r-devel-linux-x86_64-debian-clang | 0.0.1 | 59.36 | 175.51 | 234.87 | OK | |
| r-devel-linux-x86_64-debian-gcc | 0.0.1 | 42.45 | 123.24 | 165.69 | OK | |
| r-devel-linux-x86_64-fedora-clang | 0.0.1 | 82.00 | 303.74 | 385.74 | OK | |
| r-devel-linux-x86_64-fedora-gcc | 0.0.1 | 88.00 | 291.39 | 379.39 | OK | |
| r-devel-windows-x86_64 | 0.0.1 | 73.00 | 189.00 | 262.00 | OK | |
| r-patched-linux-x86_64 | 0.0.1 | 61.02 | 170.96 | 231.98 | OK | |
| r-release-linux-x86_64 | 0.0.1 | 57.12 | 170.62 | 227.74 | OK | |
| r-release-macos-arm64 | 0.0.1 | 32.00 | 106.00 | 138.00 | OK | |
| r-release-macos-x86_64 | 0.0.1 | 42.00 | 179.00 | 221.00 | OK | |
| r-release-windows-x86_64 | 0.0.1 | 71.00 | 190.00 | 261.00 | OK | |
| r-oldrel-macos-arm64 | 0.0.1 | 28.00 | 79.00 | 107.00 | NOTE | |
| r-oldrel-macos-x86_64 | 0.0.1 | 28.00 | 118.00 | 146.00 | NOTE | |
| r-oldrel-windows-x86_64 | 0.0.1 | 89.00 | 247.00 | 336.00 | NOTE |
Version: 0.0.1
Check: installed package size
Result: NOTE
installed size is 13.9Mb
sub-directories of 1Mb or more:
data 2.1Mb
doc 6.5Mb
libs 4.8Mb
Flavors: r-oldrel-macos-arm64, r-oldrel-macos-x86_64, r-oldrel-windows-x86_64
Version: 0.0.1
Check: for GNU extensions in Makefiles
Result: NOTE
GNU make is a SystemRequirements.
Flavors: r-oldrel-macos-arm64, r-oldrel-macos-x86_64, r-oldrel-windows-x86_64
These binaries (installable software) and packages are in development.
They may not be fully stable and should be used with caution. We make no claims about them.