CRAN Package Check Results for Package navigatr

Last updated on 2025-10-23 21:51:34 CEST.

Flavor Version Tinstall Tcheck Ttotal Status Flags
r-devel-linux-x86_64-debian-clang 0.2.1 3.01 34.39 37.40 NOTE
r-devel-linux-x86_64-debian-gcc 0.2.1 2.38 27.70 30.08 NOTE
r-devel-linux-x86_64-fedora-clang 0.2.1 55.34 NOTE
r-devel-linux-x86_64-fedora-gcc 0.2.1 51.90 NOTE
r-devel-windows-x86_64 0.2.1 4.00 50.00 54.00 NOTE
r-patched-linux-x86_64 0.2.1 3.21 31.30 34.51 NOTE
r-release-linux-x86_64 0.2.1 2.70 31.41 34.11 NOTE
r-release-macos-arm64 0.2.1 2.00 21.00 23.00 NOTE
r-release-macos-x86_64 0.2.1 4.00 42.00 46.00 OK
r-release-windows-x86_64 0.2.1 6.00 51.00 57.00 NOTE
r-oldrel-macos-arm64 0.2.1 2.00 20.00 22.00 OK
r-oldrel-macos-x86_64 0.2.1 2.00 27.00 29.00 OK
r-oldrel-windows-x86_64 0.2.1 6.00 57.00 63.00 OK

Check Details

Version: 0.2.1
Check: DESCRIPTION meta-information
Result: NOTE Missing dependency on R >= 4.1.0 because package code uses the pipe |> or function shorthand \(...) syntax added in R 4.1.0. File(s) using such syntax: ‘activate.Rd’ Flavors: r-devel-linux-x86_64-debian-clang, r-devel-linux-x86_64-debian-gcc, r-devel-linux-x86_64-fedora-clang, r-devel-linux-x86_64-fedora-gcc, r-devel-windows-x86_64, r-patched-linux-x86_64, r-release-linux-x86_64, r-release-macos-arm64, r-release-windows-x86_64

These binaries (installable software) and packages are in development.
They may not be fully stable and should be used with caution. We make no claims about them.