Last updated on 2025-02-16 08:50:55 CET.
Flavor | Version | Tinstall | Tcheck | Ttotal | Status | Flags |
---|---|---|---|---|---|---|
r-devel-linux-x86_64-debian-clang | 0.1 | 47.63 | 68.20 | 115.83 | NOTE | |
r-devel-linux-x86_64-debian-gcc | 0.1 | 38.03 | 51.44 | 89.47 | NOTE | |
r-devel-linux-x86_64-fedora-clang | 0.1 | 181.14 | NOTE | |||
r-devel-linux-x86_64-fedora-gcc | 0.1 | 224.78 | NOTE | |||
r-devel-macos-arm64 | 0.1 | 59.00 | NOTE | |||
r-devel-macos-x86_64 | 0.1 | 129.00 | NOTE | |||
r-devel-windows-x86_64 | 0.1 | 45.00 | 5.00 | 50.00 | ERROR | |
r-patched-linux-x86_64 | 0.1 | 49.99 | 64.02 | 114.01 | NOTE | |
r-release-linux-x86_64 | 0.1 | 51.21 | 64.06 | 115.27 | NOTE | |
r-release-macos-arm64 | 0.1 | 40.00 | NOTE | |||
r-release-macos-x86_64 | 0.1 | 68.00 | NOTE | |||
r-release-windows-x86_64 | 0.1 | 44.00 | 12.00 | 56.00 | ERROR | |
r-oldrel-macos-arm64 | 0.1 | 68.00 | NOTE | |||
r-oldrel-macos-x86_64 | 0.1 | 111.00 | NOTE | |||
r-oldrel-windows-x86_64 | 0.1 | 53.00 | 14.00 | 67.00 | ERROR |
Version: 0.1
Check: C++ specification
Result: NOTE
Specified C++11: please drop specification unless essential
Flavors: r-devel-linux-x86_64-debian-clang, r-devel-linux-x86_64-debian-gcc, r-devel-linux-x86_64-fedora-clang, r-devel-linux-x86_64-fedora-gcc, r-devel-macos-arm64, r-devel-macos-x86_64, r-patched-linux-x86_64, r-release-linux-x86_64, r-release-macos-arm64, r-release-macos-x86_64, r-oldrel-macos-arm64, r-oldrel-macos-x86_64
Version: 0.1
Check: dependencies in R code
Result: NOTE
Namespaces in Imports field not imported from:
‘glmnet’ ‘rrpack’
All declared Imports should be used.
Flavors: r-devel-linux-x86_64-fedora-clang, r-devel-linux-x86_64-fedora-gcc
Version: 0.1
Check: whether package can be installed
Result: ERROR
Installation failed.
Flavors: r-devel-windows-x86_64, r-release-windows-x86_64, r-oldrel-windows-x86_64
Version: 0.1
Check: installed package size
Result: NOTE
installed size is 6.8Mb
sub-directories of 1Mb or more:
libs 6.4Mb
Flavors: r-release-macos-arm64, r-release-macos-x86_64, r-oldrel-macos-arm64, r-oldrel-macos-x86_64
These binaries (installable software) and packages are in development.
They may not be fully stable and should be used with caution. We make no claims about them.