Last updated on 2025-02-16 08:50:55 CET.
Flavor | Version | Tinstall | Tcheck | Ttotal | Status | Flags |
---|---|---|---|---|---|---|
r-devel-linux-x86_64-debian-clang | 0.3.0 | 13.93 | 82.70 | 96.63 | OK | |
r-devel-linux-x86_64-debian-gcc | 0.3.0 | 8.35 | 56.05 | 64.40 | OK | |
r-devel-linux-x86_64-fedora-clang | 0.3.0 | 153.62 | NOTE | |||
r-devel-linux-x86_64-fedora-gcc | 0.3.0 | 155.07 | NOTE | |||
r-devel-macos-arm64 | 0.3.0 | 47.00 | OK | |||
r-devel-macos-x86_64 | 0.3.0 | 92.00 | OK | |||
r-devel-windows-x86_64 | 0.3.0 | 15.00 | 96.00 | 111.00 | OK | |
r-patched-linux-x86_64 | 0.3.0 | 12.21 | 75.00 | 87.21 | NOTE | |
r-release-linux-x86_64 | 0.3.0 | 12.26 | 75.71 | 87.97 | NOTE | |
r-release-macos-arm64 | 0.3.0 | 49.00 | NOTE | |||
r-release-macos-x86_64 | 0.3.0 | 79.00 | NOTE | |||
r-release-windows-x86_64 | 0.3.0 | 15.00 | 97.00 | 112.00 | NOTE | |
r-oldrel-macos-arm64 | 0.3.0 | 55.00 | NOTE | |||
r-oldrel-macos-x86_64 | 0.3.0 | 70.00 | NOTE | |||
r-oldrel-windows-x86_64 | 0.3.0 | 17.00 | 134.00 | 151.00 | NOTE |
Version: 0.3.0
Check: dependencies in R code
Result: NOTE
Namespace in Imports field not imported from: ‘bookdown’
All declared Imports should be used.
Flavors: r-devel-linux-x86_64-fedora-clang, r-devel-linux-x86_64-fedora-gcc
Version: 0.3.0
Check: LazyData
Result: NOTE
'LazyData' is specified without a 'data' directory
Flavors: r-patched-linux-x86_64, r-release-linux-x86_64, r-release-macos-arm64, r-release-macos-x86_64, r-release-windows-x86_64, r-oldrel-macos-arm64, r-oldrel-macos-x86_64, r-oldrel-windows-x86_64
These binaries (installable software) and packages are in development.
They may not be fully stable and should be used with caution. We make no claims about them.