CRAN Package Check Results for Package ncar

Last updated on 2025-05-22 11:56:35 CEST.

Flavor Version Tinstall Tcheck Ttotal Status Flags
r-devel-linux-x86_64-debian-clang 0.5.0 2.03 24.49 26.52 NOTE
r-devel-linux-x86_64-debian-gcc 0.5.0 1.78 18.82 20.60 NOTE
r-devel-linux-x86_64-fedora-clang 0.5.0 41.12 OK
r-devel-linux-x86_64-fedora-gcc 0.5.0 39.28 OK
r-devel-windows-x86_64 0.5.0 4.00 66.00 70.00 OK
r-patched-linux-x86_64 0.5.0 2.75 23.01 25.76 OK
r-release-linux-x86_64 0.5.0 2.09 22.98 25.07 OK
r-release-macos-arm64 0.5.0 16.00 OK
r-release-macos-x86_64 0.5.0 29.00 OK
r-release-windows-x86_64 0.5.0 6.00 81.00 87.00 OK
r-oldrel-macos-arm64 0.5.0 16.00 OK
r-oldrel-macos-x86_64 0.5.0 23.00 OK
r-oldrel-windows-x86_64 0.5.0 5.00 52.00 57.00 OK

Check Details

Version: 0.5.0
Check: CRAN incoming feasibility
Result: NOTE Maintainer: ‘Kyun-Seop Bae <k@acr.kr>’ No Authors@R field in DESCRIPTION. Please add one, modifying Authors@R: person(given = "Kyun-Seop", family = "Bae", role = c("aut", "cre"), email = "k@acr.kr") as necessary. Flavors: r-devel-linux-x86_64-debian-clang, r-devel-linux-x86_64-debian-gcc

These binaries (installable software) and packages are in development.
They may not be fully stable and should be used with caution. We make no claims about them.