Last updated on 2025-10-24 17:50:47 CEST.
| Flavor | Version | Tinstall | Tcheck | Ttotal | Status | Flags |
|---|---|---|---|---|---|---|
| r-devel-linux-x86_64-debian-clang | 2013.03.29.1 | 1.71 | 47.76 | 49.47 | NOTE | |
| r-devel-linux-x86_64-debian-gcc | 2013.03.29.1 | 1.39 | 38.58 | 39.97 | NOTE | |
| r-devel-linux-x86_64-fedora-clang | 2013.03.29.1 | 63.45 | OK | |||
| r-devel-linux-x86_64-fedora-gcc | 2013.03.29.1 | 59.62 | OK | |||
| r-devel-windows-x86_64 | 2013.03.29.1 | 4.00 | 53.00 | 57.00 | OK | |
| r-patched-linux-x86_64 | 2013.03.29.1 | 1.47 | 46.17 | 47.64 | OK | |
| r-release-linux-x86_64 | 2013.03.29.1 | 1.71 | 46.25 | 47.96 | OK | |
| r-release-macos-arm64 | 2013.03.29.1 | 1.00 | 26.00 | 27.00 | OK | |
| r-release-macos-x86_64 | 2013.03.29.1 | 2.00 | 44.00 | 46.00 | OK | |
| r-release-windows-x86_64 | 2013.03.29.1 | 4.00 | 58.00 | 62.00 | OK | |
| r-oldrel-macos-arm64 | 2013.03.29.1 | 1.00 | 30.00 | 31.00 | NOTE | |
| r-oldrel-macos-x86_64 | 2013.03.29.1 | 1.00 | 36.00 | 37.00 | NOTE | |
| r-oldrel-windows-x86_64 | 2013.03.29.1 | 3.00 | 56.00 | 59.00 | NOTE |
Version: 2013.03.29.1
Check: CRAN incoming feasibility
Result: NOTE
Maintainer: ‘Jon Eastman <jonathan.eastman@gmail.com>’
No Authors@R field in DESCRIPTION.
Please add one, modifying
Authors@R: person(given = "Jon",
family = "Eastman",
role = c("aut", "cre"),
email = "jonathan.eastman@gmail.com")
as necessary.
Flavors: r-devel-linux-x86_64-debian-clang, r-devel-linux-x86_64-debian-gcc
Version: 2013.03.29.1
Check: installed package size
Result: NOTE
installed size is 9.5Mb
sub-directories of 1Mb or more:
data 9.4Mb
Flavors: r-oldrel-macos-arm64, r-oldrel-macos-x86_64, r-oldrel-windows-x86_64
These binaries (installable software) and packages are in development.
They may not be fully stable and should be used with caution. We make no claims about them.