Last updated on 2025-05-02 06:49:40 CEST.
Flavor | Version | Tinstall | Tcheck | Ttotal | Status | Flags |
---|---|---|---|---|---|---|
r-devel-linux-x86_64-debian-clang | 1.1.6 | 9.22 | 101.11 | 110.33 | NOTE | |
r-devel-linux-x86_64-debian-gcc | 1.1.6 | 5.58 | 97.01 | 102.59 | OK | |
r-devel-linux-x86_64-fedora-clang | 1.1.6 | 200.74 | OK | |||
r-devel-linux-x86_64-fedora-gcc | 1.1.6 | 178.22 | OK | |||
r-devel-windows-x86_64 | 1.1.6 | 9.00 | 123.00 | 132.00 | OK | |
r-patched-linux-x86_64 | 1.1.6 | 7.82 | 93.77 | 101.59 | OK | |
r-release-linux-x86_64 | OK | |||||
r-release-macos-arm64 | 1.1.6 | 53.00 | OK | |||
r-release-macos-x86_64 | 1.1.6 | 115.00 | OK | |||
r-release-windows-x86_64 | 1.1.6 | 12.00 | 104.00 | 116.00 | OK | |
r-oldrel-macos-arm64 | 1.1.6 | 53.00 | OK | |||
r-oldrel-macos-x86_64 | 1.1.6 | 89.00 | OK | |||
r-oldrel-windows-x86_64 | 1.1.6 | 13.00 | 130.00 | 143.00 | OK |
Version: 1.1.6
Check: examples
Result: NOTE
Examples with CPU (user + system) or elapsed time > 5s
user system elapsed
create_cell_geometry 3.805 0.223 5.454
Flavor: r-devel-linux-x86_64-debian-clang
These binaries (installable software) and packages are in development.
They may not be fully stable and should be used with caution. We make no claims about them.