Last updated on 2025-02-02 14:48:29 CET.
Flavor | Version | Tinstall | Tcheck | Ttotal | Status | Flags |
---|---|---|---|---|---|---|
r-devel-linux-x86_64-debian-clang | 0.0.3 | 4.17 | 34.24 | 38.41 | OK | |
r-devel-linux-x86_64-debian-gcc | 0.0.3 | 2.66 | 25.23 | 27.89 | OK | |
r-devel-linux-x86_64-fedora-clang | 0.0.3 | 61.44 | OK | |||
r-devel-linux-x86_64-fedora-gcc | 0.0.3 | 56.72 | OK | |||
r-devel-windows-x86_64 | 0.0.3 | 5.00 | 52.00 | 57.00 | OK | |
r-patched-linux-x86_64 | 0.0.3 | 3.87 | 31.98 | 35.85 | NOTE | |
r-release-linux-x86_64 | 0.0.3 | 3.04 | 31.87 | 34.91 | NOTE | |
r-release-macos-arm64 | 0.0.3 | 26.00 | NOTE | |||
r-release-macos-x86_64 | 0.0.3 | 32.00 | NOTE | |||
r-release-windows-x86_64 | 0.0.3 | 5.00 | 53.00 | 58.00 | NOTE | |
r-oldrel-macos-arm64 | 0.0.3 | 23.00 | NOTE | |||
r-oldrel-macos-x86_64 | 0.0.3 | 33.00 | NOTE | |||
r-oldrel-windows-x86_64 | 0.0.3 | 6.00 | 57.00 | 63.00 | NOTE |
Version: 0.0.3
Check: LazyData
Result: NOTE
'LazyData' is specified without a 'data' directory
Flavors: r-patched-linux-x86_64, r-release-linux-x86_64, r-release-macos-arm64, r-release-macos-x86_64, r-release-windows-x86_64, r-oldrel-macos-arm64, r-oldrel-macos-x86_64, r-oldrel-windows-x86_64
These binaries (installable software) and packages are in development.
They may not be fully stable and should be used with caution. We make no claims about them.