Last updated on 2025-05-08 04:52:12 CEST.
Flavor | Version | Tinstall | Tcheck | Ttotal | Status | Flags |
---|---|---|---|---|---|---|
r-devel-linux-x86_64-debian-clang | 1.3-2 | 3.84 | 40.66 | 44.50 | NOTE | |
r-devel-linux-x86_64-debian-gcc | 1.3-2 | 2.79 | 28.84 | 31.63 | NOTE | |
r-devel-linux-x86_64-fedora-clang | 1.3-2 | 72.31 | NOTE | |||
r-devel-linux-x86_64-fedora-gcc | 1.3-2 | 71.78 | NOTE | |||
r-devel-windows-x86_64 | 1.3-2 | 5.00 | 63.00 | 68.00 | NOTE | |
r-patched-linux-x86_64 | 1.3-2 | 4.75 | 38.59 | 43.34 | NOTE | |
r-release-linux-x86_64 | 1.3-2 | 4.30 | 38.81 | 43.11 | NOTE | |
r-release-macos-arm64 | 1.3-2 | 29.00 | NOTE | |||
r-release-macos-x86_64 | 1.3-2 | 50.00 | NOTE | |||
r-release-windows-x86_64 | 1.3-2 | 5.00 | 66.00 | 71.00 | NOTE | |
r-oldrel-macos-arm64 | 1.3-2 | 26.00 | NOTE | |||
r-oldrel-macos-x86_64 | 1.3-2 | 42.00 | NOTE | |||
r-oldrel-windows-x86_64 | 1.3-2 | 5.00 | 62.00 | 67.00 | NOTE |
Version: 1.3-2
Check: package subdirectories
Result: NOTE
Problems with news in ‘NEWS.md’:
No news entries found.
Flavors: r-devel-linux-x86_64-debian-clang, r-devel-linux-x86_64-debian-gcc, r-devel-linux-x86_64-fedora-clang, r-devel-linux-x86_64-fedora-gcc, r-devel-windows-x86_64, r-patched-linux-x86_64, r-release-linux-x86_64, r-release-macos-arm64, r-release-macos-x86_64, r-release-windows-x86_64, r-oldrel-macos-arm64, r-oldrel-macos-x86_64, r-oldrel-windows-x86_64
These binaries (installable software) and packages are in development.
They may not be fully stable and should be used with caution. We make no claims about them.