Last updated on 2025-10-23 23:49:37 CEST.
| Flavor | Version | Tinstall | Tcheck | Ttotal | Status | Flags |
|---|---|---|---|---|---|---|
| r-devel-linux-x86_64-debian-clang | 1.3-2 | 4.17 | 42.86 | 47.03 | NOTE | |
| r-devel-linux-x86_64-debian-gcc | 1.3-2 | 2.84 | 30.65 | 33.49 | NOTE | |
| r-devel-linux-x86_64-fedora-clang | 1.3-2 | 10.00 | 63.71 | 73.71 | NOTE | |
| r-devel-linux-x86_64-fedora-gcc | 1.3-2 | 71.98 | NOTE | |||
| r-devel-windows-x86_64 | 1.3-2 | 5.00 | 63.00 | 68.00 | NOTE | |
| r-patched-linux-x86_64 | 1.3-2 | 5.01 | 40.49 | 45.50 | NOTE | |
| r-release-linux-x86_64 | 1.3-2 | 4.52 | 40.65 | 45.17 | NOTE | |
| r-release-macos-arm64 | 1.3-2 | 2.00 | 27.00 | 29.00 | NOTE | |
| r-release-macos-x86_64 | 1.3-2 | 4.00 | 46.00 | 50.00 | NOTE | |
| r-release-windows-x86_64 | 1.3-2 | 5.00 | 66.00 | 71.00 | NOTE | |
| r-oldrel-macos-arm64 | 1.3-2 | 3.00 | 23.00 | 26.00 | NOTE | |
| r-oldrel-macos-x86_64 | 1.3-2 | 4.00 | 38.00 | 42.00 | NOTE | |
| r-oldrel-windows-x86_64 | 1.3-2 | 5.00 | 62.00 | 67.00 | NOTE |
Version: 1.3-2
Check: package subdirectories
Result: NOTE
Problems with news in ‘NEWS.md’:
No news entries found.
Flavors: r-devel-linux-x86_64-debian-clang, r-devel-linux-x86_64-debian-gcc, r-devel-linux-x86_64-fedora-clang, r-devel-linux-x86_64-fedora-gcc, r-devel-windows-x86_64, r-patched-linux-x86_64, r-release-linux-x86_64, r-release-macos-arm64, r-release-macos-x86_64, r-release-windows-x86_64, r-oldrel-macos-arm64, r-oldrel-macos-x86_64, r-oldrel-windows-x86_64
These binaries (installable software) and packages are in development.
They may not be fully stable and should be used with caution. We make no claims about them.