Last updated on 2025-10-23 11:50:20 CEST.
Flavor | Version | Tinstall | Tcheck | Ttotal | Status | Flags |
---|---|---|---|---|---|---|
r-devel-linux-x86_64-debian-clang | 0.4.0 | 5.41 | 54.62 | 60.03 | NOTE | |
r-devel-linux-x86_64-debian-gcc | 0.4.0 | 2.71 | 42.12 | 44.83 | OK | |
r-devel-linux-x86_64-fedora-clang | 0.4.0 | 14.00 | 78.08 | 92.08 | OK | |
r-devel-linux-x86_64-fedora-gcc | 0.4.0 | 11.00 | 71.37 | 82.37 | OK | |
r-devel-windows-x86_64 | 0.4.0 | 6.00 | 72.00 | 78.00 | OK | |
r-patched-linux-x86_64 | 0.4.0 | 5.03 | 50.13 | 55.16 | OK | |
r-release-linux-x86_64 | 0.4.0 | 4.52 | 50.28 | 54.80 | OK | |
r-release-macos-arm64 | 0.4.0 | 2.00 | 24.00 | 26.00 | OK | |
r-release-macos-x86_64 | 0.4.0 | 5.00 | 44.00 | 49.00 | OK | |
r-release-windows-x86_64 | 0.4.0 | 9.00 | 73.00 | 82.00 | OK | |
r-oldrel-macos-arm64 | 0.4.0 | 2.00 | 24.00 | 26.00 | OK | |
r-oldrel-macos-x86_64 | 0.4.0 | 6.00 | 56.00 | 62.00 | OK | |
r-oldrel-windows-x86_64 | 0.4.0 | 9.00 | 85.00 | 94.00 | OK |
Version: 0.4.0
Check: HTML version of manual
Result: NOTE
Found the following HTML validation problems:
nc_dims.html:59:1 (nc_dims.Rd:21): Warning: missing </ul> before </div>
nc_sources.html:53:1 (nc_sources.Rd:15): Warning: missing </ul> before </div>
Flavor: r-devel-linux-x86_64-debian-clang
These binaries (installable software) and packages are in development.
They may not be fully stable and should be used with caution. We make no claims about them.