Last updated on 2025-07-02 03:50:47 CEST.
Flavor | Version | Tinstall | Tcheck | Ttotal | Status | Flags |
---|---|---|---|---|---|---|
r-devel-linux-x86_64-debian-clang | 0.1.5 | 14.54 | 122.43 | 136.97 | NOTE | |
r-devel-linux-x86_64-debian-gcc | 0.1.5 | 7.92 | 89.37 | 97.29 | NOTE | |
r-devel-linux-x86_64-fedora-clang | 0.1.5 | 226.77 | OK | |||
r-devel-linux-x86_64-fedora-gcc | 0.1.5 | 212.93 | OK | |||
r-devel-windows-x86_64 | 0.1.5 | 17.00 | 122.00 | 139.00 | NOTE | |
r-patched-linux-x86_64 | NOTE | |||||
r-release-linux-x86_64 | 0.1.5 | 13.62 | 111.23 | 124.85 | NOTE | |
r-release-macos-arm64 | 0.1.5 | 63.00 | OK | |||
r-release-macos-x86_64 | 0.1.5 | 122.00 | OK | |||
r-release-windows-x86_64 | 0.1.5 | 17.00 | 120.00 | 137.00 | NOTE | |
r-oldrel-macos-arm64 | 0.1.5 | 61.00 | OK | |||
r-oldrel-macos-x86_64 | 0.1.5 | 89.00 | OK | |||
r-oldrel-windows-x86_64 | 0.1.5 | 20.00 | 150.00 | 170.00 | OK |
Version: 0.1.5
Check: Rd cross-references
Result: NOTE
Found the following Rd file(s) with Rd \link{} targets missing package
anchors:
ndi-package.Rd: tidycensus, psych, sf, Matrix
Please provide package anchors for all Rd \link{} targets not in the
package itself and the base packages.
Flavors: r-devel-linux-x86_64-debian-clang, r-devel-linux-x86_64-debian-gcc, r-devel-windows-x86_64, r-patched-linux-x86_64, r-release-linux-x86_64, r-release-windows-x86_64
These binaries (installable software) and packages are in development.
They may not be fully stable and should be used with caution. We make no claims about them.