Last updated on 2024-07-27 15:50:27 CEST.
Flavor | Version | Tinstall | Tcheck | Ttotal | Status | Flags |
---|---|---|---|---|---|---|
r-devel-linux-x86_64-debian-clang | 0.2.18 | 19.38 | 69.97 | 89.35 | OK | |
r-devel-linux-x86_64-debian-gcc | 0.2.18 | OK | ||||
r-devel-linux-x86_64-fedora-clang | 0.2.18 | 130.58 | NOTE | |||
r-devel-linux-x86_64-fedora-gcc | 0.2.18 | 119.29 | NOTE | |||
r-devel-windows-x86_64 | 0.2.18 | 25.00 | 106.00 | 131.00 | OK | |
r-patched-linux-x86_64 | 0.2.18 | OK | ||||
r-release-linux-x86_64 | 0.2.18 | 14.57 | 68.72 | 83.29 | OK | |
r-release-macos-arm64 | 0.2.18 | 41.00 | OK | |||
r-release-macos-x86_64 | 0.2.18 | 58.00 | OK | |||
r-release-windows-x86_64 | 0.2.18 | 27.00 | 105.00 | 132.00 | OK | |
r-oldrel-macos-arm64 | 0.2.18 | 46.00 | OK | |||
r-oldrel-macos-x86_64 | 0.2.18 | 60.00 | OK | |||
r-oldrel-windows-x86_64 | 0.2.18 | 28.00 | 127.00 | 155.00 | OK |
Version: 0.2.18
Check: data for non-ASCII characters
Result: NOTE
Note: found 7332 marked UTF-8 strings
Flavors: r-devel-linux-x86_64-fedora-clang, r-devel-linux-x86_64-fedora-gcc
These binaries (installable software) and packages are in development.
They may not be fully stable and should be used with caution. We make no claims about them.