Last updated on 2025-10-25 11:48:40 CEST.
| Flavor | Version | Tinstall | Tcheck | Ttotal | Status | Flags |
|---|---|---|---|---|---|---|
| r-devel-linux-x86_64-debian-clang | 1.3 | 8.78 | 74.61 | 83.39 | NOTE | |
| r-devel-linux-x86_64-debian-gcc | 1.3 | 6.27 | 53.44 | 59.71 | NOTE | |
| r-devel-linux-x86_64-fedora-clang | 1.3 | 24.00 | 101.67 | 125.67 | OK | |
| r-devel-linux-x86_64-fedora-gcc | 1.3 | 18.00 | 101.36 | 119.36 | OK | |
| r-devel-windows-x86_64 | 1.3 | 12.00 | 81.00 | 93.00 | OK | |
| r-patched-linux-x86_64 | 1.3 | 9.23 | 68.27 | 77.50 | OK | |
| r-release-linux-x86_64 | 1.3 | 7.81 | 68.94 | 76.75 | OK | |
| r-release-macos-arm64 | 1.3 | 4.00 | 47.00 | 51.00 | OK | |
| r-release-macos-x86_64 | 1.3 | 7.00 | 50.00 | 57.00 | OK | |
| r-release-windows-x86_64 | 1.3 | 11.00 | 81.00 | 92.00 | OK | |
| r-oldrel-macos-arm64 | 1.3 | 4.00 | 30.00 | 34.00 | OK | |
| r-oldrel-macos-x86_64 | 1.3 | 6.00 | 40.00 | 46.00 | OK | |
| r-oldrel-windows-x86_64 | 1.3 | 14.00 | 101.00 | 115.00 | OK |
Version: 1.3
Check: CRAN incoming feasibility
Result: NOTE
Maintainer: ‘Joseph Rigdon <jrigdon@wakehealth.edu>’
No Authors@R field in DESCRIPTION.
Please add one, modifying
Authors@R: person(given = "Joseph",
family = "Rigdon",
role = c("aut", "cre"),
email = "jrigdon@wakehealth.edu")
as necessary.
Flavors: r-devel-linux-x86_64-debian-clang, r-devel-linux-x86_64-debian-gcc
These binaries (installable software) and packages are in development.
They may not be fully stable and should be used with caution. We make no claims about them.