Last updated on 2025-11-12 12:53:16 CET.
| Flavor | Version | Tinstall | Tcheck | Ttotal | Status | Flags |
|---|---|---|---|---|---|---|
| r-devel-linux-x86_64-debian-clang | 1.13.5 | 10.57 | 108.40 | 118.97 | OK | |
| r-devel-linux-x86_64-debian-gcc | 1.13.5 | 6.28 | 71.60 | 77.88 | OK | |
| r-devel-linux-x86_64-fedora-clang | 1.13.5 | 56.00 | 133.49 | 189.49 | OK | |
| r-devel-linux-x86_64-fedora-gcc | 1.13.5 | 22.00 | 159.47 | 181.47 | OK | |
| r-devel-windows-x86_64 | 1.13.5 | 11.00 | 112.00 | 123.00 | OK | |
| r-patched-linux-x86_64 | 1.13.5 | 10.47 | 97.26 | 107.73 | OK | |
| r-release-linux-x86_64 | 1.13.5 | 9.97 | 98.92 | 108.89 | OK | |
| r-release-macos-arm64 | 1.13.5 | 4.00 | 41.00 | 45.00 | OK | |
| r-release-macos-x86_64 | 1.13.5 | 9.00 | 93.00 | 102.00 | OK | |
| r-release-windows-x86_64 | 1.13.5 | 13.00 | 121.00 | 134.00 | OK | |
| r-oldrel-macos-arm64 | 1.13.5 | 4.00 | 47.00 | 51.00 | OK | |
| r-oldrel-macos-x86_64 | 1.13.5 | 8.00 | 97.00 | 105.00 | OK | |
| r-oldrel-windows-x86_64 | 1.13.5 | 1.00 | 9.00 | 10.00 | ERROR |
Version: 1.13.5
Check: package dependencies
Result: ERROR
Package required but not available: 'MBESS'
See section 'The DESCRIPTION file' in the 'Writing R Extensions'
manual.
Flavor: r-oldrel-windows-x86_64
These binaries (installable software) and packages are in development.
They may not be fully stable and should be used with caution. We make no claims about them.