CRAN Package Check Results for Package neatmaps

Last updated on 2025-10-23 17:50:55 CEST.

Flavor Version Tinstall Tcheck Ttotal Status Flags
r-devel-linux-x86_64-debian-clang 2.1.0 7.41 98.57 105.98 NOTE
r-devel-linux-x86_64-debian-gcc 2.1.0 7.46 66.59 74.05 OK
r-devel-linux-x86_64-fedora-clang 2.1.0 26.00 135.67 161.67 OK
r-devel-linux-x86_64-fedora-gcc 2.1.0 18.00 136.25 154.25 OK
r-devel-windows-x86_64 2.1.0 11.00 99.00 110.00 OK
r-patched-linux-x86_64 2.1.0 9.68 90.14 99.82 OK
r-release-linux-x86_64 2.1.0 9.24 89.07 98.31 OK
r-release-macos-arm64 2.1.0 5.00 61.00 66.00 OK
r-release-macos-x86_64 2.1.0 7.00 90.00 97.00 OK
r-release-windows-x86_64 2.1.0 12.00 100.00 112.00 OK
r-oldrel-macos-arm64 2.1.0 4.00 36.00 40.00 NOTE
r-oldrel-macos-x86_64 2.1.0 6.00 51.00 57.00 NOTE
r-oldrel-windows-x86_64 2.1.0 15.00 125.00 140.00 NOTE

Check Details

Version: 2.1.0
Check: HTML version of manual
Result: NOTE Found the following HTML validation problems: consensusClusterNoPlots.html:94:1 (consensusClusterNoPlots.Rd:42): Warning: missing </ul> before </div> Flavor: r-devel-linux-x86_64-debian-clang

Version: 2.1.0
Check: installed package size
Result: NOTE installed size is 6.3Mb Flavors: r-oldrel-macos-arm64, r-oldrel-macos-x86_64, r-oldrel-windows-x86_64

These binaries (installable software) and packages are in development.
They may not be fully stable and should be used with caution. We make no claims about them.