Last updated on 2025-07-16 18:50:38 CEST.
Flavor | Version | Tinstall | Tcheck | Ttotal | Status | Flags |
---|---|---|---|---|---|---|
r-devel-linux-x86_64-debian-clang | 1.5.3 | 100.59 | 473.72 | 574.31 | OK | |
r-devel-linux-x86_64-debian-gcc | 1.5.3 | 78.09 | 321.56 | 399.65 | OK | |
r-devel-linux-x86_64-fedora-clang | 1.5.3 | 933.80 | OK | |||
r-devel-linux-x86_64-fedora-gcc | 1.5.3 | 957.90 | OK | |||
r-devel-windows-x86_64 | 1.5.3 | 93.00 | 409.00 | 502.00 | OK | |
r-patched-linux-x86_64 | 1.5.3 | 109.28 | 455.23 | 564.51 | OK | |
r-release-linux-x86_64 | 1.5.3 | 101.00 | 448.86 | 549.86 | OK | |
r-release-macos-arm64 | 1.5.3 | 316.00 | OK | |||
r-release-macos-x86_64 | 1.5.3 | 508.00 | OK | |||
r-release-windows-x86_64 | 1.5.3 | 101.00 | 447.00 | 548.00 | OK | |
r-oldrel-macos-arm64 | 1.5.3 | 214.00 | NOTE | |||
r-oldrel-macos-x86_64 | 1.5.3 | 319.00 | NOTE | |||
r-oldrel-windows-x86_64 | 1.5.3 | 122.00 | 544.00 | 666.00 | OK |
Version: 1.5.3
Check: installed package size
Result: NOTE
installed size is 29.3Mb
sub-directories of 1Mb or more:
libs 27.6Mb
Flavors: r-oldrel-macos-arm64, r-oldrel-macos-x86_64
These binaries (installable software) and packages are in development.
They may not be fully stable and should be used with caution. We make no claims about them.