Last updated on 2025-04-16 05:49:06 CEST.
Flavor | Version | Tinstall | Tcheck | Ttotal | Status | Flags |
---|---|---|---|---|---|---|
r-devel-linux-x86_64-debian-clang | 1.5.3 | 106.50 | 418.50 | 525.00 | OK | |
r-devel-linux-x86_64-debian-gcc | 1.5.3 | 78.29 | 293.85 | 372.14 | OK | |
r-devel-linux-x86_64-fedora-clang | 1.5.3 | 870.75 | OK | |||
r-devel-linux-x86_64-fedora-gcc | 1.5.3 | 839.70 | OK | |||
r-devel-windows-x86_64 | 1.5.3 | 97.00 | 364.00 | 461.00 | OK | |
r-patched-linux-x86_64 | 1.5.3 | 109.02 | 395.45 | 504.47 | OK | |
r-release-linux-x86_64 | 1.5.3 | 96.23 | 397.15 | 493.38 | OK | |
r-release-macos-arm64 | 1.5.3 | 316.00 | OK | |||
r-release-macos-x86_64 | 1.5.3 | 508.00 | OK | |||
r-release-windows-x86_64 | 1.5.3 | 93.00 | 360.00 | 453.00 | OK | |
r-oldrel-macos-arm64 | 1.5.3 | 214.00 | NOTE | |||
r-oldrel-macos-x86_64 | 1.5.3 | 319.00 | NOTE | |||
r-oldrel-windows-x86_64 | 1.5.3 | 126.00 | 475.00 | 601.00 | OK |
Version: 1.5.3
Check: installed package size
Result: NOTE
installed size is 29.3Mb
sub-directories of 1Mb or more:
libs 27.6Mb
Flavors: r-oldrel-macos-arm64, r-oldrel-macos-x86_64
These binaries (installable software) and packages are in development.
They may not be fully stable and should be used with caution. We make no claims about them.