Last updated on 2025-11-13 03:51:10 CET.
| Flavor | Version | Tinstall | Tcheck | Ttotal | Status | Flags |
|---|---|---|---|---|---|---|
| r-devel-linux-x86_64-debian-clang | 0.1.9 | 5.75 | 115.25 | 121.00 | OK | |
| r-devel-linux-x86_64-debian-gcc | 0.1.9 | 4.93 | 73.21 | 78.14 | OK | |
| r-devel-linux-x86_64-fedora-clang | 0.1.9 | 19.00 | 180.03 | 199.03 | OK | |
| r-devel-linux-x86_64-fedora-gcc | 0.1.9 | 16.00 | 162.14 | 178.14 | OK | |
| r-devel-windows-x86_64 | 0.1.9 | 10.00 | 112.00 | 122.00 | OK | |
| r-patched-linux-x86_64 | 0.1.9 | 6.85 | 105.12 | 111.97 | OK | |
| r-release-linux-x86_64 | 0.1.9 | 6.49 | 104.37 | 110.86 | OK | |
| r-release-macos-arm64 | 0.1.9 | 3.00 | 58.00 | 61.00 | OK | |
| r-release-macos-x86_64 | 0.1.9 | 6.00 | 79.00 | 85.00 | OK | |
| r-release-windows-x86_64 | 0.1.9 | 10.00 | 115.00 | 125.00 | OK | |
| r-oldrel-macos-arm64 | 0.1.9 | 3.00 | 38.00 | 41.00 | OK | |
| r-oldrel-macos-x86_64 | 0.1.9 | 5.00 | 78.00 | 83.00 | OK | |
| r-oldrel-windows-x86_64 | 0.1.9 | 1.00 | 10.00 | 11.00 | ERROR |
Version: 0.1.9
Check: package dependencies
Result: ERROR
Packages required but not available: 'fungible', 'MBESS'
See section 'The DESCRIPTION file' in the 'Writing R Extensions'
manual.
Flavor: r-oldrel-windows-x86_64
These binaries (installable software) and packages are in development.
They may not be fully stable and should be used with caution. We make no claims about them.