CRAN Package Check Results for Package neighbr

Last updated on 2025-10-03 11:50:52 CEST.

Flavor Version Tinstall Tcheck Ttotal Status Flags
r-devel-linux-x86_64-debian-clang 1.0.3 1.93 31.76 33.69 OK
r-devel-linux-x86_64-debian-gcc 1.0.3 1.46 24.07 25.53 OK
r-devel-linux-x86_64-fedora-clang 1.0.3 52.35 OK
r-devel-linux-x86_64-fedora-gcc 1.0.3 66.65 OK
r-devel-windows-x86_64 1.0.3 3.00 51.00 54.00 OK
r-patched-linux-x86_64 1.0.3 1.56 30.63 32.19 OK
r-release-linux-x86_64 1.0.3 1.78 30.18 31.96 OK
r-release-macos-arm64 1.0.3 27.00 OK
r-release-macos-x86_64 1.0.3 52.00 OK
r-release-windows-x86_64 1.0.3 3.00 51.00 54.00 OK
r-oldrel-macos-arm64 1.0.3 24.00 NOTE
r-oldrel-macos-x86_64 1.0.3 45.00 NOTE
r-oldrel-windows-x86_64 1.0.3 3.00 60.00 63.00 NOTE

Check Details

Version: 1.0.3
Check: LazyData
Result: NOTE 'LazyData' is specified without a 'data' directory Flavors: r-oldrel-macos-arm64, r-oldrel-macos-x86_64, r-oldrel-windows-x86_64

These binaries (installable software) and packages are in development.
They may not be fully stable and should be used with caution. We make no claims about them.