Last updated on 2025-10-03 05:53:41 CEST.
Flavor | Version | Tinstall | Tcheck | Ttotal | Status | Flags |
---|---|---|---|---|---|---|
r-devel-linux-x86_64-debian-clang | 1.1.2 | 31.20 | 294.10 | 325.30 | OK | |
r-devel-linux-x86_64-debian-gcc | 1.1.2 | 21.94 | 194.09 | 216.03 | OK | |
r-devel-linux-x86_64-fedora-clang | 1.1.2 | 498.43 | OK | |||
r-devel-linux-x86_64-fedora-gcc | 1.1.2 | 487.70 | OK | |||
r-devel-windows-x86_64 | 1.1.2 | 34.00 | 268.00 | 302.00 | OK | |
r-patched-linux-x86_64 | 1.1.2 | 33.85 | 280.94 | 314.79 | OK | |
r-release-linux-x86_64 | 1.1.2 | 31.88 | 279.31 | 311.19 | OK | |
r-release-macos-arm64 | 1.1.2 | 135.00 | OK | |||
r-release-macos-x86_64 | 1.1.2 | 293.00 | OK | |||
r-release-windows-x86_64 | 1.1.2 | 34.00 | 273.00 | 307.00 | OK | |
r-oldrel-macos-arm64 | 1.1.2 | 127.00 | NOTE | |||
r-oldrel-macos-x86_64 | 1.1.2 | 273.00 | NOTE | |||
r-oldrel-windows-x86_64 | 1.1.2 | 50.00 | 359.00 | 409.00 | OK |
Version: 1.1.2
Check: installed package size
Result: NOTE
installed size is 5.7Mb
sub-directories of 1Mb or more:
data 4.2Mb
help 1.1Mb
Flavors: r-oldrel-macos-arm64, r-oldrel-macos-x86_64
These binaries (installable software) and packages are in development.
They may not be fully stable and should be used with caution. We make no claims about them.