Last updated on 2025-11-11 17:50:07 CET.
| Flavor | Version | Tinstall | Tcheck | Ttotal | Status | Flags |
|---|---|---|---|---|---|---|
| r-devel-linux-x86_64-debian-clang | 1.6.1 | 9.47 | 174.45 | 183.92 | NOTE | |
| r-devel-linux-x86_64-debian-gcc | 1.6.1 | 7.16 | 116.45 | 123.61 | NOTE | |
| r-devel-linux-x86_64-fedora-clang | 1.6.1 | 81.00 | 221.58 | 302.58 | NOTE | |
| r-devel-linux-x86_64-fedora-gcc | 1.6.1 | 20.00 | 264.61 | 284.61 | NOTE | |
| r-devel-windows-x86_64 | 1.6.1 | 12.00 | 158.00 | 170.00 | NOTE | |
| r-patched-linux-x86_64 | 1.6.1 | 10.13 | 157.18 | 167.31 | NOTE | |
| r-release-linux-x86_64 | 1.6.1 | 9.93 | 157.58 | 167.51 | NOTE | |
| r-release-macos-arm64 | 1.6.1 | 5.00 | 80.00 | 85.00 | NOTE | |
| r-release-macos-x86_64 | 1.6.1 | 9.00 | 142.00 | 151.00 | NOTE | |
| r-release-windows-x86_64 | 1.6.1 | 12.00 | 163.00 | 175.00 | NOTE | |
| r-oldrel-macos-arm64 | 1.6.1 | 6.00 | 83.00 | 89.00 | OK | |
| r-oldrel-macos-x86_64 | 1.6.1 | 10.00 | 142.00 | 152.00 | OK | |
| r-oldrel-windows-x86_64 | 1.6.1 | 16.00 | 206.00 | 222.00 | OK |
Version: 1.6.1
Check: DESCRIPTION meta-information
Result: NOTE
Missing dependency on R >= 4.2.0 because package code uses the pipe
placeholder syntax added in R 4.2.0.
File(s) using such syntax:
‘functions.R’
Flavors: r-devel-linux-x86_64-debian-clang, r-devel-linux-x86_64-debian-gcc, r-devel-linux-x86_64-fedora-clang, r-devel-linux-x86_64-fedora-gcc, r-devel-windows-x86_64, r-patched-linux-x86_64, r-release-linux-x86_64, r-release-macos-arm64, r-release-windows-x86_64
Version: 1.6.1
Check: DESCRIPTION meta-information
Result: NOTE
Missing dependency on R >= 4.1.0 because package code uses the pipe
|> or function shorthand \(...) syntax added in R 4.1.0.
File(s) using such syntax:
‘functions.R’
Flavor: r-release-macos-x86_64
These binaries (installable software) and packages are in development.
They may not be fully stable and should be used with caution. We make no claims about them.