Last updated on 2025-05-01 15:49:37 CEST.
Flavor | Version | Tinstall | Tcheck | Ttotal | Status | Flags |
---|---|---|---|---|---|---|
r-devel-linux-x86_64-debian-clang | 1.6.1 | 8.82 | 165.54 | 174.36 | NOTE | |
r-devel-linux-x86_64-debian-gcc | 1.6.1 | 7.20 | 113.33 | 120.53 | NOTE | |
r-devel-linux-x86_64-fedora-clang | 1.6.1 | 279.13 | NOTE | |||
r-devel-linux-x86_64-fedora-gcc | 1.6.1 | 283.43 | NOTE | |||
r-devel-windows-x86_64 | 1.6.1 | 12.00 | 168.00 | 180.00 | NOTE | |
r-patched-linux-x86_64 | 1.6.1 | 9.76 | 152.40 | 162.16 | NOTE | |
r-release-linux-x86_64 | NOTE | |||||
r-release-macos-arm64 | 1.6.1 | 85.00 | NOTE | |||
r-release-macos-x86_64 | 1.6.1 | 151.00 | NOTE | |||
r-release-windows-x86_64 | 1.6.1 | 13.00 | 173.00 | 186.00 | NOTE | |
r-oldrel-macos-arm64 | 1.6.1 | 89.00 | OK | |||
r-oldrel-macos-x86_64 | 1.6.1 | 152.00 | OK | |||
r-oldrel-windows-x86_64 | 1.6.1 | 15.00 | 204.00 | 219.00 | OK |
Version: 1.6.1
Check: DESCRIPTION meta-information
Result: NOTE
Missing dependency on R >= 4.2.0 because package code uses the pipe
placeholder syntax added in R 4.2.0.
File(s) using such syntax:
‘functions.R’
Flavors: r-devel-linux-x86_64-debian-clang, r-devel-linux-x86_64-debian-gcc, r-devel-linux-x86_64-fedora-clang, r-devel-linux-x86_64-fedora-gcc, r-devel-windows-x86_64, r-patched-linux-x86_64, r-release-linux-x86_64, r-release-macos-arm64, r-release-windows-x86_64
Version: 1.6.1
Check: examples
Result: NOTE
Examples with CPU (user + system) or elapsed time > 5s
user system elapsed
npe_summary 13.318 0.256 12.678
npe_change_native_status 9.540 0.486 11.153
npe_longform 9.349 0.206 9.425
npe_cm_metadata 8.393 0.190 8.775
npe_community_matrix 8.055 0.223 9.009
Flavor: r-devel-linux-x86_64-debian-clang
Version: 1.6.1
Check: examples
Result: NA
user system elapsed
npe_summary 8.913 0.062 10.581
npe_change_native_status 5.866 0.545 7.649
npe_longform 6.053 0.070 7.265
npe_cm_metadata 5.345 0.182 6.516
OK
Flavor: r-devel-linux-x86_64-debian-gcc
Version: 1.6.1
Check: DESCRIPTION meta-information
Result: NOTE
Missing dependency on R >= 4.1.0 because package code uses the pipe
|> or function shorthand \(...) syntax added in R 4.1.0.
File(s) using such syntax:
‘functions.R’
Flavor: r-release-macos-x86_64
These binaries (installable software) and packages are in development.
They may not be fully stable and should be used with caution. We make no claims about them.